{"id":9972,"date":"2023-12-18T19:27:30","date_gmt":"2023-12-18T22:27:30","guid":{"rendered":"https:\/\/ens9004-infd.mendoza.edu.ar\/sitio\/?page_id=9972"},"modified":"2023-12-18T19:27:32","modified_gmt":"2023-12-18T22:27:32","slug":"xii-jornadas-de-investigacion-y-extension-4-ies-2023","status":"publish","type":"page","link":"https:\/\/ens9004-infd.mendoza.edu.ar\/sitio\/xii-jornadas-de-investigacion-y-extension-4-ies-2023\/","title":{"rendered":"XII Jornadas de Investigaci\u00f3n y Extensi\u00f3n 4 IES 2023"},"content":{"rendered":"\n<figure class=\"wp-block-image size-large\"><img decoding=\"async\" loading=\"lazy\" width=\"1900\" height=\"712\" src=\"https:\/\/ens9004-infd.mendoza.edu.ar\/sitio\/wp-content\/uploads\/2023\/12\/Jornada-4-IES-2023-sitio-web-1900x712.png\" alt=\"\" class=\"wp-image-9974\" srcset=\"https:\/\/ens9004-infd.mendoza.edu.ar\/sitio\/wp-content\/uploads\/2023\/12\/Jornada-4-IES-2023-sitio-web-1900x712.png 1900w, https:\/\/ens9004-infd.mendoza.edu.ar\/sitio\/wp-content\/uploads\/2023\/12\/Jornada-4-IES-2023-sitio-web-1000x375.png 1000w, https:\/\/ens9004-infd.mendoza.edu.ar\/sitio\/wp-content\/uploads\/2023\/12\/Jornada-4-IES-2023-sitio-web-768x288.png 768w, https:\/\/ens9004-infd.mendoza.edu.ar\/sitio\/wp-content\/uploads\/2023\/12\/Jornada-4-IES-2023-sitio-web-1536x576.png 1536w, https:\/\/ens9004-infd.mendoza.edu.ar\/sitio\/wp-content\/uploads\/2023\/12\/Jornada-4-IES-2023-sitio-web-2048x768.png 2048w\" sizes=\"(max-width: 1900px) 100vw, 1900px\" \/><figcaption class=\"wp-element-caption\">Flyer de las XII Jornadas de los 4 IES.<\/figcaption><\/figure>\n\n\n\n<p><strong><a href=\"https:\/\/drive.google.com\/file\/d\/1tvJvIaxYlmFBWLVT5D7EprB17N1o3wP7\/view?usp=sharing\" data-type=\"URL\" data-id=\"https:\/\/drive.google.com\/file\/d\/1tvJvIaxYlmFBWLVT5D7EprB17N1o3wP7\/view?usp=sharing\">LIBRO DE RESUMENES<\/a><\/strong><\/p>\n\n\n\n<p><strong>XII JORNADA DE INVESTIGACI\u00d3N Y EXTENSI\u00d3N DE LOS 4 IES DEL VALLE DE UCO<br>EDUCACI\u00d3N SUPERIOR en el VALLE DE UCO a 40 a\u00f1os de DEMOCRACIA<\/strong><\/p>\n\n\n\n<p>ORGANIZADORES:<\/p>\n\n\n\n<p>IES T-004 Normal Superior General Toribio de Luzuriaga<br>IES 9-009 Tupungato<br>IES 9-010 Rosario Vera Pe\u00f1aloza<br>IES 9-015 Valle de Uco<\/p>\n\n\n\n<p>DESCRIPCI\u00d3N<\/p>\n\n\n\n<p>El 27 de octubre de 2023 se realiz\u00f3 la XII Jornada de Investigaci\u00f3n y Extensi\u00f3n de los 4 IES del Valle de<br>Uco \u00abEducaci\u00f3n Superior en el Valle de Uco a 40 a\u00f1os de Democracia\u00bb, desde las 8.30 a las 20.30 horas<br>en el Instituto de Educaci\u00f3n Superior T-004 \u201cToribio de Luzuriaga\u201d ubicado en Echeverr\u00eda y 9 de Julio, Tunuy\u00e1n.<br>En esta ocasi\u00f3n, se puso de relieve los 200 a\u00f1os de \u201cRetorno a la Patria\u201d de Jos\u00e9 de San Mart\u00edn (hito que<br>conmemora el monumento sanmartiniano localizado en el Manzano Hist\u00f3rico de Tunuy\u00e1n), los 40 a\u00f1os de la<br>democracia en nuestro pa\u00eds y los 70 a\u00f1os de la apertura de la Escuela Normal de Tunuy\u00e1n para la formaci\u00f3n<br>docente.<br>Hubo una muy alta participaci\u00f3n de docentes y estudiantes expositores. Hubo 296 asistentes, entre los cuales se contaban 116 Docentes expositores; 42 Estudiantes Expositores. Adem\u00e1s 24 docentes y 95 asistentes, junto a 19 estudiantes y docentes que cumplieron otros roles, vinculados con la colaboraci\u00f3n y organizaci\u00f3n de las jornadas.<\/p>\n\n\n\n<p>El libro de res\u00famenes se puede descargar del hiperv\u00ednculo que inicia esta p\u00e1gina, y cuenta con el registro ISBN correspondiente.<\/p>\n\n\n\n<p><\/p>\n\n\n\n<p><\/p>\n\n\n\n<p><\/p>\n\n\n\n<p><\/p>\n","protected":false},"excerpt":{"rendered":"<p>LIBRO DE RESUMENES XII JORNADA DE INVESTIGACI\u00d3N Y EXTENSI\u00d3N DE LOS 4 IES DEL VALLE DE UCOEDUCACI\u00d3N SUPERIOR en el VALLE DE UCO a 40 a\u00f1os de DEMOCRACIA ORGANIZADORES: IES T-004 Normal Superior General Toribio de LuzuriagaIES 9-009 TupungatoIES 9-010 Rosario Vera Pe\u00f1alozaIES 9-015 Valle de Uco DESCRIPCI\u00d3N El 27 de octubre de 2023 se &#8230; <a title=\"XII Jornadas de Investigaci\u00f3n y Extensi\u00f3n 4 IES 2023\" class=\"read-more\" href=\"https:\/\/ens9004-infd.mendoza.edu.ar\/sitio\/xii-jornadas-de-investigacion-y-extension-4-ies-2023\/\" aria-label=\"More on XII Jornadas de Investigaci\u00f3n y Extensi\u00f3n 4 IES 2023\">[+]<\/a><\/p>\n","protected":false},"author":1432,"featured_media":0,"parent":0,"menu_order":0,"comment_status":"closed","ping_status":"closed","template":"","meta":[],"acf":[],"_links":{"self":[{"href":"https:\/\/ens9004-infd.mendoza.edu.ar\/sitio\/wp-json\/wp\/v2\/pages\/9972"}],"collection":[{"href":"https:\/\/ens9004-infd.mendoza.edu.ar\/sitio\/wp-json\/wp\/v2\/pages"}],"about":[{"href":"https:\/\/ens9004-infd.mendoza.edu.ar\/sitio\/wp-json\/wp\/v2\/types\/page"}],"author":[{"embeddable":true,"href":"https:\/\/ens9004-infd.mendoza.edu.ar\/sitio\/wp-json\/wp\/v2\/users\/1432"}],"replies":[{"embeddable":true,"href":"https:\/\/ens9004-infd.mendoza.edu.ar\/sitio\/wp-json\/wp\/v2\/comments?post=9972"}],"version-history":[{"count":1,"href":"https:\/\/ens9004-infd.mendoza.edu.ar\/sitio\/wp-json\/wp\/v2\/pages\/9972\/revisions"}],"predecessor-version":[{"id":9976,"href":"https:\/\/ens9004-infd.mendoza.edu.ar\/sitio\/wp-json\/wp\/v2\/pages\/9972\/revisions\/9976"}],"wp:attachment":[{"href":"https:\/\/ens9004-infd.mendoza.edu.ar\/sitio\/wp-json\/wp\/v2\/media?parent=9972"}],"curies":[{"name":"wp","href":"https:\/\/api.w.org\/{rel}","templated":true}]}}

XII Jornadas de Investigación y Extensión 4 IES 2023

<figure class="wp-block-image size-large"><img decoding="async" loading="lazy" width="1900" height="712" src="https://ens9004-infd.mendoza.edu.ar/sitio/wp-content/uploads/2023/12/Jornada-4-IES-2023-sitio-web-1900x712.png" alt="" class="wp-image-9974" srcset="https://ens9004-infd.mendoza.edu.ar/sitio/wp-content/uploads/2023/12/Jornada-4-IES-2023-sitio-web-1900x712.png 1900w, https://ens9004-infd.mendoza.edu.ar/sitio/wp-content/uploads/2023/12/Jornada-4-IES-2023-sitio-web-1000x375.png 1000w, https://ens9004-infd.mendoza.edu.ar/sitio/wp-content/uploads/2023/12/Jornada-4-IES-2023-sitio-web-768x288.png 768w, https://ens9004-infd.mendoza.edu.ar/sitio/wp-content/uploads/2023/12/Jornada-4-IES-2023-sitio-web-1536x576.png 1536w, https://ens9004-infd.mendoza.edu.ar/sitio/wp-content/uploads/2023/12/Jornada-4-IES-2023-sitio-web-2048x768.png 2048w" sizes="(max-width: 1900px) 100vw, 1900px" /><figcaption class="wp-element-caption">Flyer de las XII Jornadas de los 4 IES.</figcaption></figure>



<p><strong><a href="https://drive.google.com/file/d/1tvJvIaxYlmFBWLVT5D7EprB17N1o3wP7/view?usp=sharing" data-type="URL" data-id="https://drive.google.com/file/d/1tvJvIaxYlmFBWLVT5D7EprB17N1o3wP7/view?usp=sharing">LIBRO DE RESUMENES</a></strong></p>



<p><strong>XII JORNADA DE INVESTIGACIÓN Y EXTENSIÓN DE LOS 4 IES DEL VALLE DE UCO<br>EDUCACIÓN SUPERIOR en el VALLE DE UCO a 40 años de DEMOCRACIA</strong></p>



<p>ORGANIZADORES:</p>



<p>IES T-004 Normal Superior General Toribio de Luzuriaga<br>IES 9-009 Tupungato<br>IES 9-010 Rosario Vera Peñaloza<br>IES 9-015 Valle de Uco</p>



<p>DESCRIPCIÓN</p>



<p>El 27 de octubre de 2023 se realizó la XII Jornada de Investigación y Extensión de los 4 IES del Valle de<br>Uco «Educación Superior en el Valle de Uco a 40 años de Democracia», desde las 8.30 a las 20.30 horas<br>en el Instituto de Educación Superior T-004 “Toribio de Luzuriaga” ubicado en Echeverría y 9 de Julio, Tunuyán.<br>En esta ocasión, se puso de relieve los 200 años de “Retorno a la Patria” de José de San Martín (hito que<br>conmemora el monumento sanmartiniano localizado en el Manzano Histórico de Tunuyán), los 40 años de la<br>democracia en nuestro país y los 70 años de la apertura de la Escuela Normal de Tunuyán para la formación<br>docente.<br>Hubo una muy alta participación de docentes y estudiantes expositores. Hubo 296 asistentes, entre los cuales se contaban 116 Docentes expositores; 42 Estudiantes Expositores. Además 24 docentes y 95 asistentes, junto a 19 estudiantes y docentes que cumplieron otros roles, vinculados con la colaboración y organización de las jornadas.</p>



<p>El libro de resúmenes se puede descargar del hipervínculo que inicia esta página, y cuenta con el registro ISBN correspondiente.</p>



<p></p>



<p></p>



<p></p>



<p></p>

<p>LIBRO DE RESUMENES XII JORNADA DE INVESTIGACIÓN Y EXTENSIÓN DE LOS 4 IES DEL VALLE DE UCOEDUCACIÓN SUPERIOR en el VALLE DE UCO a 40 años de DEMOCRACIA ORGANIZADORES: IES T-004 Normal Superior General Toribio de LuzuriagaIES 9-009 TupungatoIES 9-010 Rosario Vera PeñalozaIES 9-015 Valle de Uco DESCRIPCIÓN El 27 de octubre de 2023 se &#8230; <a title="XII Jornadas de Investigación y Extensión 4 IES 2023" class="read-more" href="https://ens9004-infd.mendoza.edu.ar/sitio/xii-jornadas-de-investigacion-y-extension-4-ies-2023/" aria-label="More on XII Jornadas de Investigación y Extensión 4 IES 2023">[+]</a></p>
