{"id":6122,"date":"2019-03-13T10:49:31","date_gmt":"2019-03-13T13:49:31","guid":{"rendered":"https:\/\/ens9004-mza.infd.edu.ar\/sitio\/?page_id=6122"},"modified":"2021-12-10T12:27:49","modified_gmt":"2021-12-10T15:27:49","slug":"formulario","status":"publish","type":"page","link":"https:\/\/ens9004-infd.mendoza.edu.ar\/sitio\/formulario\/","title":{"rendered":"Documentos hist\u00f3ricos"},"content":{"rendered":"<p><img decoding=\"async\" loading=\"lazy\" class=\"size-medium wp-image-6141 aligncenter\" src=\"https:\/\/ens9004-infd.mendoza.edu.ar\/sitio\/wp-content\/uploads\/2019\/03\/tree-sculptures-of-jorge-mayet-1380x864-1000x626.jpg\" alt=\"\" width=\"1000\" height=\"626\" srcset=\"https:\/\/ens9004-infd.mendoza.edu.ar\/sitio\/wp-content\/uploads\/2019\/03\/tree-sculptures-of-jorge-mayet-1380x864-1000x626.jpg 1000w, https:\/\/ens9004-infd.mendoza.edu.ar\/sitio\/wp-content\/uploads\/2019\/03\/tree-sculptures-of-jorge-mayet-1380x864-768x481.jpg 768w, https:\/\/ens9004-infd.mendoza.edu.ar\/sitio\/wp-content\/uploads\/2019\/03\/tree-sculptures-of-jorge-mayet-1380x864.jpg 1380w\" sizes=\"(max-width: 1000px) 100vw, 1000px\" \/>A partir de diciembre de 2018 iniciamos un proceso de sistematizaci\u00f3n de los documentos vinculados a la funci\u00f3n de investigaci\u00f3n del IES T-004 \u00abToribio de Luzuriaga\u00bb. Su ordenamiento y codificaci\u00f3n se finaliz\u00f3 durante julio de 2021, fecha a partir de la cual iniciamos el proceso de digitalizaci\u00f3n de cada documento (algunos de ellos disponibles y publicados en la secci\u00f3n de BIBLIOTECA: <a href=\"https:\/\/ens9004-infd.mendoza.edu.ar\/sitio\/investigaciones-academicas\/\"><strong>Investigaciones Acad\u00e9micas<\/strong><\/a>\u00a0).<\/p>\n<p>En ese marco, en este apartado ofreceremos dicha base de datos ordenada cronol\u00f3gicamente en el siguiente documento:<\/p>\n<p><a href=\"https:\/\/drive.google.com\/drive\/folders\/16z2Deua4n0blDTFwgECFySlstoi87JWY?usp=sharing\"><strong>SISTEMATIZACI\u00d3N DOCUMENTOS DE INVESTIGACI\u00d3N T004 Julio 2021<\/strong><\/a><\/p>\n<p>Agradeceremos el env\u00edo de cualquier otra documentaci\u00f3n relacionada con investigaci\u00f3n en nuestra instituci\u00f3n para actualizar la informaci\u00f3n del documento anterior (actualizada a diciembre 2021).<\/p>\n<p style=\"text-align: right;\">Jefatura de Investigaci\u00f3n y Producci\u00f3n de Saberes Espec\u00edficos<\/p>\n","protected":false},"excerpt":{"rendered":"<p>A partir de diciembre de 2018 iniciamos un proceso de sistematizaci\u00f3n de los documentos vinculados a la funci\u00f3n de investigaci\u00f3n del IES T-004 \u00abToribio de Luzuriaga\u00bb. Su ordenamiento y codificaci\u00f3n se finaliz\u00f3 durante julio de 2021, fecha a partir de la cual iniciamos el proceso de digitalizaci\u00f3n de cada documento (algunos de ellos disponibles y &#8230; <a title=\"Documentos hist\u00f3ricos\" class=\"read-more\" href=\"https:\/\/ens9004-infd.mendoza.edu.ar\/sitio\/formulario\/\" aria-label=\"More on Documentos hist\u00f3ricos\">[+]<\/a><\/p>\n","protected":false},"author":1578,"featured_media":0,"parent":0,"menu_order":0,"comment_status":"closed","ping_status":"closed","template":"","meta":[],"acf":[],"_links":{"self":[{"href":"https:\/\/ens9004-infd.mendoza.edu.ar\/sitio\/wp-json\/wp\/v2\/pages\/6122"}],"collection":[{"href":"https:\/\/ens9004-infd.mendoza.edu.ar\/sitio\/wp-json\/wp\/v2\/pages"}],"about":[{"href":"https:\/\/ens9004-infd.mendoza.edu.ar\/sitio\/wp-json\/wp\/v2\/types\/page"}],"author":[{"embeddable":true,"href":"https:\/\/ens9004-infd.mendoza.edu.ar\/sitio\/wp-json\/wp\/v2\/users\/1578"}],"replies":[{"embeddable":true,"href":"https:\/\/ens9004-infd.mendoza.edu.ar\/sitio\/wp-json\/wp\/v2\/comments?post=6122"}],"version-history":[{"count":6,"href":"https:\/\/ens9004-infd.mendoza.edu.ar\/sitio\/wp-json\/wp\/v2\/pages\/6122\/revisions"}],"predecessor-version":[{"id":8470,"href":"https:\/\/ens9004-infd.mendoza.edu.ar\/sitio\/wp-json\/wp\/v2\/pages\/6122\/revisions\/8470"}],"wp:attachment":[{"href":"https:\/\/ens9004-infd.mendoza.edu.ar\/sitio\/wp-json\/wp\/v2\/media?parent=6122"}],"curies":[{"name":"wp","href":"https:\/\/api.w.org\/{rel}","templated":true}]}}