{"id":6115,"date":"2019-03-13T10:38:00","date_gmt":"2019-03-13T13:38:00","guid":{"rendered":"https:\/\/ens9004-mza.infd.edu.ar\/sitio\/?page_id=6115"},"modified":"2024-04-22T17:20:01","modified_gmt":"2024-04-22T20:20:01","slug":"jefatura-de-investigacion","status":"publish","type":"page","link":"https:\/\/ens9004-infd.mendoza.edu.ar\/sitio\/jefatura-de-formacion-inicial\/jefatura-de-investigacion\/","title":{"rendered":"Jefatura de Investigaci\u00f3n y Producci\u00f3n de Saberes Espec\u00edficos"},"content":{"rendered":"<p><img decoding=\"async\" loading=\"lazy\" class=\"alignnone size-full wp-image-6078 aligncenter\" src=\"https:\/\/ens9004-infd.mendoza.edu.ar\/sitio\/wp-content\/uploads\/2019\/02\/13332958_1035535019829494_2745692738452960927_n.jpg\" alt=\"\" width=\"724\" height=\"722\" srcset=\"https:\/\/ens9004-infd.mendoza.edu.ar\/sitio\/wp-content\/uploads\/2019\/02\/13332958_1035535019829494_2745692738452960927_n.jpg 724w, https:\/\/ens9004-infd.mendoza.edu.ar\/sitio\/wp-content\/uploads\/2019\/02\/13332958_1035535019829494_2745692738452960927_n-500x500.jpg 500w\" sizes=\"(max-width: 724px) 100vw, 724px\" \/><\/p>\n<p style=\"text-align: left;\"><strong>Estimadas\/os colegas, estudiantes y miembros de la comunidad educativa del IES T-004:<\/strong><\/p>\n<blockquote><p>Apostamos a generar un espacio de acceso a la informaci\u00f3n necesaria para el desarrollo de la investigaci\u00f3n en nuestra comunidad educativa. Por ello, compartimos en distintas solapas:<\/p>\n<ul>\n<li>Las\u00a0<a href=\"https:\/\/drive.google.com\/file\/d\/17rRkuDrYxOLQF_T73NivAjYmwZFfhkGI\/view?usp=sharing\"><strong>regulaciones normativas <\/strong><\/a>provinciales y nacionales vigentes en torno a la funci\u00f3n de investigaci\u00f3n y producci\u00f3n de saberes espec\u00edficos.<\/li>\n<li>Los\u00a0<strong><a href=\"https:\/\/ens9004-infd.mendoza.edu.ar\/sitio\/formularios\/\">formularios necesarios<\/a>\u00a0<\/strong>para la presentaci\u00f3n de proyectos, informes de avance o finales y las grillas de evaluaci\u00f3n correspondientes.<\/li>\n<li><strong><a href=\"https:\/\/ens9004-infd.mendoza.edu.ar\/sitio\/formulario\/\">Documentos hist\u00f3ricos<\/a>\u00a0<\/strong>que tiene por finalidad poner a disposici\u00f3n la producci\u00f3n de investigaci\u00f3n que dispone nuestra instituci\u00f3n en forma digital desde los inicios de esta funci\u00f3n en 1999: Proyectos, Informes de Avances o Finales, Documentos de Trabajo, Grillas de Evaluaci\u00f3n, otra informaci\u00f3n documentada (informaci\u00f3n y documentos ir\u00e1 siendo cargada a partir del ciclo 2019).<\/li>\n<li>Y capacitaci\u00f3n sobre <a href=\"https:\/\/drive.google.com\/file\/d\/1PT7pIzrimpqz3eKV28jl41MQ-29NeLz3\/view?usp=sharing\"><strong>Formulaci\u00f3n de Proyectos de Investigaci\u00f3n 2024<\/strong><\/a>.<\/li>\n<\/ul>\n<p>Esperamos estos materiales sean de utilidad, de acceso p\u00fablico y fuente de trabajo para el desarrollo de esta funci\u00f3n en nuestra instituci\u00f3n.<\/p><\/blockquote>\n<p style=\"text-align: right;\">Prof. V\u00edctor Mart\u00edn Elgueta<\/p>\n<p style=\"text-align: right;\">Jefatura de Investigaci\u00f3n y Producci\u00f3n de Saberes Espec\u00edficos.<\/p>\n<p style=\"text-align: right;\">Tunuy\u00e1n, abril 2024<\/p>\n","protected":false},"excerpt":{"rendered":"<p>Estimadas\/os colegas, estudiantes y miembros de la comunidad educativa del IES T-004: Apostamos a generar un espacio de acceso a la informaci\u00f3n necesaria para el desarrollo de la investigaci\u00f3n en nuestra comunidad educativa. Por ello, compartimos en distintas solapas: Las\u00a0regulaciones normativas provinciales y nacionales vigentes en torno a la funci\u00f3n de investigaci\u00f3n y producci\u00f3n de &#8230; <a title=\"Jefatura de Investigaci\u00f3n y Producci\u00f3n de Saberes Espec\u00edficos\" class=\"read-more\" href=\"https:\/\/ens9004-infd.mendoza.edu.ar\/sitio\/jefatura-de-formacion-inicial\/jefatura-de-investigacion\/\" aria-label=\"More on Jefatura de Investigaci\u00f3n y Producci\u00f3n de Saberes Espec\u00edficos\">[+]<\/a><\/p>\n","protected":false},"author":1578,"featured_media":0,"parent":2390,"menu_order":0,"comment_status":"closed","ping_status":"closed","template":"","meta":[],"acf":[],"_links":{"self":[{"href":"https:\/\/ens9004-infd.mendoza.edu.ar\/sitio\/wp-json\/wp\/v2\/pages\/6115"}],"collection":[{"href":"https:\/\/ens9004-infd.mendoza.edu.ar\/sitio\/wp-json\/wp\/v2\/pages"}],"about":[{"href":"https:\/\/ens9004-infd.mendoza.edu.ar\/sitio\/wp-json\/wp\/v2\/types\/page"}],"author":[{"embeddable":true,"href":"https:\/\/ens9004-infd.mendoza.edu.ar\/sitio\/wp-json\/wp\/v2\/users\/1578"}],"replies":[{"embeddable":true,"href":"https:\/\/ens9004-infd.mendoza.edu.ar\/sitio\/wp-json\/wp\/v2\/comments?post=6115"}],"version-history":[{"count":11,"href":"https:\/\/ens9004-infd.mendoza.edu.ar\/sitio\/wp-json\/wp\/v2\/pages\/6115\/revisions"}],"predecessor-version":[{"id":10155,"href":"https:\/\/ens9004-infd.mendoza.edu.ar\/sitio\/wp-json\/wp\/v2\/pages\/6115\/revisions\/10155"}],"up":[{"embeddable":true,"href":"https:\/\/ens9004-infd.mendoza.edu.ar\/sitio\/wp-json\/wp\/v2\/pages\/2390"}],"wp:attachment":[{"href":"https:\/\/ens9004-infd.mendoza.edu.ar\/sitio\/wp-json\/wp\/v2\/media?parent=6115"}],"curies":[{"name":"wp","href":"https:\/\/api.w.org\/{rel}","templated":true}]}}