{"id":2704,"date":"2018-07-02T21:51:16","date_gmt":"2018-07-03T00:51:16","guid":{"rendered":"https:\/\/ens9004-mza.infd.edu.ar\/sitio\/jornada-regionales-4ies-2013\/"},"modified":"2018-07-20T09:52:24","modified_gmt":"2018-07-20T12:52:24","slug":"jornada-regionales-4ies-2013","status":"publish","type":"page","link":"https:\/\/ens9004-infd.mendoza.edu.ar\/sitio\/jornada-regionales-4ies-2013\/","title":{"rendered":"Jornada Regionales 4IES-2013"},"content":{"rendered":"<h4 style=\"text-align: center;\"><span style=\"color: #333300;\"><span style=\"color: #333300;\">IV Jornada Regional\u00a0\u201cConstruyendo v\u00ednculos: la Educaci\u00f3n Superior en la Comunidad\u201d<\/span><\/span><\/h4>\n<p style=\"text-align: center;\"><span style=\"color: #000000;\"><strong>Sede\u00a0 del IES T- 004, General Toribio de Luzuriaga, Tunuy\u00e1n<\/strong><\/span><\/p>\n<p style=\"text-align: center;\"><span style=\"color: #000000;\"><strong>17 y 18 de\u00a0 octubre de 2013<\/strong><\/span><\/p>\n<p style=\"text-align: center;\"><iframe loading=\"lazy\" src=\"https:\/\/www.youtube.com\/embed\/AmxXugLsTZk?rel=0&amp;showinfo=0\" width=\"560\" height=\"315\" frameborder=\"0\" allowfullscreen=\"allowfullscreen\"><\/iframe><\/p>\n<h5 style=\"text-align: center;\"><div  class=\"lgc-column lgc-grid-parent lgc-grid-33 lgc-tablet-grid-50 lgc-mobile-grid-100 lgc-equal-heights \"><div  class=\"inside-grid-column\">\u00a0<strong><a href=\"upload\/AFICHE_4ta_jornadas.pdf\">Poster<\/a><\/strong>\n<p style=\"text-align: center;\"><img decoding=\"async\" loading=\"lazy\" class=\"\" style=\"border: 0px; display: block; margin-left: auto; margin-right: auto;\" title=\"\" src=\"https:\/\/ens9004-infd.mendoza.edu.ar\/sitio\/wp-content\/uploads\/2018\/07\/jornadas-para-web-page-0.jpg\" width=\"173\" height=\"153\" border=\"0\" \/><\/p>\n<p style=\"text-align: center;\"><\/p><\/div><\/div>\n<p style=\"text-align: center;\"><div  class=\"lgc-column lgc-grid-parent lgc-grid-33 lgc-tablet-grid-50 lgc-mobile-grid-100 lgc-equal-heights \"><div  class=\"inside-grid-column\">\u00a0<strong><a href=\"upload\/CIRCULAR_2-ULTIMA_VERSI%D3N27-09.pdf\">Resoluci\u00f3n<\/a><\/strong>\n<p style=\"text-align: center;\"><img decoding=\"async\" loading=\"lazy\" class=\"\" style=\"border: 0px; display: block; margin-left: auto; margin-right: auto;\" src=\"upload\/resolic.jpg\" width=\"169\" height=\"158\" border=\"0\" \/><\/p>\n<p style=\"text-align: center;\"><\/p><\/div><\/div>\n<p style=\"text-align: center;\"><div  class=\"lgc-column lgc-grid-parent lgc-grid-33 lgc-tablet-grid-50 lgc-mobile-grid-100 lgc-equal-heights \"><div  class=\"inside-grid-column\">\u00a0<strong><a href=\"index.cgi?wid_seccion=38&amp;wid_item=156\">Conferencias y taller<\/a><\/strong>\n<p style=\"text-align: center;\"><img decoding=\"async\" loading=\"lazy\" class=\"\" style=\"display: block; border: 0px; margin-left: auto; margin-right: auto;\" title=\"\" src=\"https:\/\/ens9004-infd.mendoza.edu.ar\/sitio\/wp-content\/uploads\/2018\/07\/CONFERENCIAS.jpg\" width=\"187\" height=\"142\" border=\"0\" \/><\/p>\n<p style=\"text-align: center;\"><\/p><\/div><\/div>\n<p style=\"text-align: center;\"><div  class=\"lgc-column lgc-grid-parent lgc-grid-33 lgc-tablet-grid-50 lgc-mobile-grid-100 lgc-equal-heights \"><div  class=\"inside-grid-column\"><strong><a href=\"index.cgi?wid_seccion=38&amp;wid_item=157\">Galer\u00eda de im\u00e1genes<\/a><\/strong>\n<p style=\"text-align: center;\"><img decoding=\"async\" loading=\"lazy\" class=\"\" style=\"display: block; border: 0px; margin-left: auto; margin-right: auto;\" title=\"\" src=\"https:\/\/ens9004-infd.mendoza.edu.ar\/sitio\/wp-content\/uploads\/2018\/07\/imagenes.jpg\" width=\"179\" height=\"173\" border=\"0\" \/><\/p>\n<p style=\"text-align: center;\"><\/p><\/div><\/div>\n<p style=\"text-align: center;\"><div  class=\"lgc-column lgc-grid-parent lgc-grid-33 lgc-tablet-grid-50 lgc-mobile-grid-100 lgc-equal-heights \"><div  class=\"inside-grid-column\"><a href=\"upload\/AFICHE_matem%E1tica_1.pdf\">Poster \u00abHacer con nuevos recursos Matem\u00e1ticas\u00bb\u00a0<\/a>\n<p style=\"text-align: center;\"><img decoding=\"async\" loading=\"lazy\" class=\"alignnone \" src=\"https:\/\/ens9004-infd.mendoza.edu.ar\/sitio\/wp-content\/uploads\/2018\/07\/matematicaposter.jpg\" width=\"284\" height=\"155\" \/><\/p>\n<p style=\"text-align: center;\"><\/p><\/div><\/div>\n<p style=\"text-align: center;\"><div  class=\"lgc-column lgc-grid-parent lgc-grid-33 lgc-tablet-grid-50 lgc-mobile-grid-100 lgc-equal-heights \"><div  class=\"inside-grid-column\"><a href=\"upload\/Programa_Jornadas_4_IES.pdf\">\u00a0Programa de la Jornada\u00a0<\/a>\n<p style=\"text-align: center;\"><img decoding=\"async\" loading=\"lazy\" class=\"aligncenter \" src=\"https:\/\/ens9004-infd.mendoza.edu.ar\/sitio\/wp-content\/uploads\/2018\/07\/programa.jpg\" width=\"316\" height=\"143\" \/><\/p>\n<p style=\"text-align: center;\"><\/p><\/div><\/div><div class=\"lgc-clear\"><\/div>\n<p><span style=\"color: #808000;\"><strong>ORGANIZAN:<\/strong><\/span><\/p>\n<ul>\n<li><span style=\"color: #000000;\">IES T- 004 \u201cGeneral Toribio de Luzuriaga\u201d<\/span><\/li>\n<li><span style=\"color: #000000;\">IES 9- 010 \u201cRosario Vera Pe\u00f1aloza\u201d IES 9- 009, Tupungato.<\/span><\/li>\n<li><span style=\"color: #000000;\">IES 9- 015 \u201cValle de Uco\u201d<\/span><\/li>\n<\/ul>\n<p><span style=\"color: #808000;\">\u00a0<strong>LUGAR Y FECHA<\/strong><\/span><\/p>\n<p><span style=\"color: #000000;\">Las IV JORNADAS REGIONALES DE INVESTIGACI\u00d3N Y EXTENSI\u00d3N DE LOS 4 IES DEL VALLE DE UCO \u201cConstruyendo v\u00ednculos: la Educaci\u00f3n Superior en la Comunidad\u201d se desarrollar\u00e1n los d\u00edas 17 y 18 de octubre de 2013.<\/span><\/p>\n<p><span style=\"color: #000000;\">Las actividades tendr\u00e1n lugar en el IES T- 004 \u201cGeneral Toribio de Luzuriaga\u201d, el cual se encuentra ubicado en 9 de Julio y Echeverr\u00eda, entrada por Juan B. Justo 147 de Tunuy\u00e1n.<\/span><\/p>\n<p><span style=\"color: #808000;\">\u00a0<strong>INSCRIPCIONES:<\/strong><\/span><\/p>\n<p><span style=\"color: #000000;\">La inscripci\u00f3n se realizar\u00e1 en forma anticipada hasta el d\u00eda 14 de octubre de 2013. Podr\u00e1 optarse por el pago del arancel en efectivo en la Secretar\u00eda de cualquiera de los Institutos organizadores o por el dep\u00f3sito o transferencia bancaria.<\/span><\/p>\n<p><span style=\"color: #000000;\">Una vez realizado el pago del arancel de inscripci\u00f3n, el asistente deber\u00e1 completar el<strong>formulario de inscripci\u00f3n\u00a0<\/strong>en el sitio de las Jornadas \u00a0(http:\/\/ens9004.mza.infd.edu.ar\/sitio\/). El \u00a0comprobante\u00a0 de \u00a0pago \u00a0deber\u00e1\u00a0 presentarse al momento de la acreditaci\u00f3n<\/span><\/p>\n<p><span style=\"color: #808000;\">\u00a0\u00a0<strong><em>Datos de la cuenta:<\/em><\/strong><\/span><\/p>\n<ul>\n<li><span style=\"color: #000000;\">Banco de la Naci\u00f3n Argentina, Sucursal Tunuy\u00e1n<\/span><\/li>\n<li><span style=\"color: #000000;\">N\u00famero de Cuenta 5300018726<\/span><\/li>\n<li><span style=\"color: #000000;\">Clave Bancaria Uniforme (CBU) 0110530820053000187266<\/span><\/li>\n<\/ul>\n<p><span style=\"color: #808000;\"><strong><em>Aranceles:<\/em><\/strong><\/span><\/p>\n<ul>\n<li><span style=\"color: #000000;\">Expositores: 60 pesos<\/span><\/li>\n<li><span style=\"color: #000000;\">Asistentes: 40 pesos<\/span><\/li>\n<li><span style=\"color: #000000;\">Estudiantes: 20 pesos<\/span><\/li>\n<\/ul>\n<p><span style=\"color: #808000;\"><strong>\u00a0Direcci\u00f3n de los Institutos organizadores<\/strong><\/span><\/p>\n<ul>\n<li><span style=\"color: #000000;\">IES T- 004 \u201cGeneral Toribio de Luzuriaga\u201d 9 de Julio y Echeverr\u00eda \u2013 Tunuy\u00e1n.<\/span><\/li>\n<li><span style=\"color: #000000;\">IES 9- 010 \u201cRosario Vera Pe\u00f1aloza\u201d Ruta 40 km 3.193. Eugenio Bustos \u2013 San Carlos.<\/span><\/li>\n<li><span style=\"color: #000000;\">IES 9- 009, Tupungato. Secundino Gomez y Dr. Mathons s\/n.<\/span><\/li>\n<li><span style=\"color: #000000;\">IES 9- 015 \u201cValle de Uco\u201d, San Martin 418. La Consulta \u2013 San Carlos.<\/span><\/li>\n<\/ul>\n<p><strong><a href=\"https:\/\/ens9004-infd.mendoza.edu.ar\/sitio\/jornada-regionales-4ies-2013\/upload\/CIRCULAR_uno_definitiva.pdf\" target=\"_blank\" rel=\"noopener\">CIRCULAR N\u00ba 1\/13 \u2013 Convocatoria<\/a><\/strong><\/p>\n","protected":false},"excerpt":{"rendered":"<p>IV Jornada Regional\u00a0\u201cConstruyendo v\u00ednculos: la Educaci\u00f3n Superior en la Comunidad\u201d Sede\u00a0 del IES T- 004, General Toribio de Luzuriaga, Tunuy\u00e1n 17 y 18 de\u00a0 octubre de 2013 ORGANIZAN: IES T- 004 \u201cGeneral Toribio de Luzuriaga\u201d IES 9- 010 \u201cRosario Vera Pe\u00f1aloza\u201d IES 9- 009, Tupungato. IES 9- 015 \u201cValle de Uco\u201d \u00a0LUGAR Y FECHA Las &#8230; <a title=\"Jornada Regionales 4IES-2013\" class=\"read-more\" href=\"https:\/\/ens9004-infd.mendoza.edu.ar\/sitio\/jornada-regionales-4ies-2013\/\" aria-label=\"More on Jornada Regionales 4IES-2013\">[+]<\/a><\/p>\n","protected":false},"author":1578,"featured_media":0,"parent":0,"menu_order":0,"comment_status":"closed","ping_status":"closed","template":"","meta":[],"acf":[],"_links":{"self":[{"href":"https:\/\/ens9004-infd.mendoza.edu.ar\/sitio\/wp-json\/wp\/v2\/pages\/2704"}],"collection":[{"href":"https:\/\/ens9004-infd.mendoza.edu.ar\/sitio\/wp-json\/wp\/v2\/pages"}],"about":[{"href":"https:\/\/ens9004-infd.mendoza.edu.ar\/sitio\/wp-json\/wp\/v2\/types\/page"}],"author":[{"embeddable":true,"href":"https:\/\/ens9004-infd.mendoza.edu.ar\/sitio\/wp-json\/wp\/v2\/users\/1578"}],"replies":[{"embeddable":true,"href":"https:\/\/ens9004-infd.mendoza.edu.ar\/sitio\/wp-json\/wp\/v2\/comments?post=2704"}],"version-history":[{"count":13,"href":"https:\/\/ens9004-infd.mendoza.edu.ar\/sitio\/wp-json\/wp\/v2\/pages\/2704\/revisions"}],"predecessor-version":[{"id":5031,"href":"https:\/\/ens9004-infd.mendoza.edu.ar\/sitio\/wp-json\/wp\/v2\/pages\/2704\/revisions\/5031"}],"wp:attachment":[{"href":"https:\/\/ens9004-infd.mendoza.edu.ar\/sitio\/wp-json\/wp\/v2\/media?parent=2704"}],"curies":[{"name":"wp","href":"https:\/\/api.w.org\/{rel}","templated":true}]}}