{"id":2541,"date":"2018-07-10T12:11:21","date_gmt":"2018-07-10T15:11:21","guid":{"rendered":"https:\/\/ens9004-mza.infd.edu.ar\/sitio\/?page_id=2541"},"modified":"2018-08-01T21:07:32","modified_gmt":"2018-08-02T00:07:32","slug":"historia-antigua","status":"publish","type":"page","link":"https:\/\/ens9004-infd.mendoza.edu.ar\/sitio\/historia-antigua\/","title":{"rendered":"Historia  Antigua"},"content":{"rendered":"<p><span style=\"color: #ffffff;\"><strong><span style=\"font-family: georgia, palatino; font-size: 10pt;\">A<\/span><\/strong><\/span><img decoding=\"async\" loading=\"lazy\" style=\"border: 0; float: left;\" title=\"\" src=\"https:\/\/ens9004-infd.mendoza.edu.ar\/sitio\/wp-content\/uploads\/2018\/07\/iconoweb2.jpg\" width=\"30\" height=\"30\" border=\"0\" \/><a href=\"upload\/01-CARTLEDGE%20-%20LIBRO%20-%20Los%20Espartanos.pdf\" target=\"_blank\" rel=\"noopener\">01-CARTLEDGE &#8211; LIBRO &#8211; Los Espartanos<\/a><\/p>\n<p><img decoding=\"async\" loading=\"lazy\" title=\"\" src=\"https:\/\/ens9004-infd.mendoza.edu.ar\/sitio\/wp-content\/uploads\/2018\/07\/iconoweb2.jpg\" width=\"30\" height=\"30\" border=\"0\" \/><a href=\"upload\/1-_CAMERON_A._-_LIBRO_-.pdf\" target=\"_blank\" rel=\"noopener\">\u00a01- CAMERON, A. &#8211; LIBRO &#8211; El mundo mediterr\u00e1neo en la Antig\u00fcedad Tard\u00eda, 395-600<\/a><\/p>\n<p><a href=\"upload\/1-%20Wengrow,%20D.%20-%20LIBRO%20-%20What%20makes%20civilization.pdf\" target=\"_blank\" rel=\"noopener\"><img decoding=\"async\" loading=\"lazy\" title=\"\" src=\"https:\/\/ens9004-infd.mendoza.edu.ar\/sitio\/wp-content\/uploads\/2018\/07\/iconoweb2.jpg\" width=\"30\" height=\"30\" border=\"0\" \/>1- Wengrow, D. &#8211; LIBRO &#8211; What makes civilization<\/a><\/p>\n<p><img decoding=\"async\" loading=\"lazy\" title=\"\" src=\"https:\/\/ens9004-infd.mendoza.edu.ar\/sitio\/wp-content\/uploads\/2018\/07\/iconoweb2.jpg\" width=\"30\" height=\"30\" border=\"0\" \/>\u00a0<a href=\"upload\/02-%20FINLEY%20-%20LIBRO%20-%20El%20mundo%20de%20Odiseo.pdf\" target=\"_blank\" rel=\"noopener\">02- FINLEY &#8211; LIBRO &#8211; El mundo de Odiseo<\/a><\/p>\n<p><img decoding=\"async\" loading=\"lazy\" title=\"\" src=\"https:\/\/ens9004-infd.mendoza.edu.ar\/sitio\/wp-content\/uploads\/2018\/07\/iconoweb2.jpg\" width=\"30\" height=\"30\" border=\"0\" \/>\u00a0<a href=\"upload\/2-_DE_LIGT__NORTHWOOD.pdf\" target=\"_blank\" rel=\"noopener\">2- DE LIGT &amp; NORTHWOOD &#8211; LIBRO &#8211; People, Land, and Politics (Ancient Rome)<\/a><\/p>\n<p><img decoding=\"async\" loading=\"lazy\" title=\"\" src=\"https:\/\/ens9004-infd.mendoza.edu.ar\/sitio\/wp-content\/uploads\/2018\/07\/iconoweb2.jpg\" width=\"30\" height=\"30\" border=\"0\" \/><a href=\"upload\/2-%20Morris%20&amp;%20Scheidel%20-%20LIBRO%20-%20The%20Dynamics%20of%20the%20Ancient%20Empires.PDF\" target=\"_blank\" rel=\"noopener\">\u00a02- Morris &amp; Scheidel &#8211; LIBRO &#8211; The Dynamics of the Ancient Empires<\/a><\/p>\n<p><img decoding=\"async\" loading=\"lazy\" title=\"\" src=\"https:\/\/ens9004-infd.mendoza.edu.ar\/sitio\/wp-content\/uploads\/2018\/07\/iconoweb2.jpg\" width=\"30\" height=\"30\" border=\"0\" \/><a href=\"upload\/03-%20WRIGHT%20-%20From%20chief%20to%20king%20in%20mycenaean%20society.PDF\" target=\"_blank\" rel=\"noopener\">\u00a003- WRIGHT &#8211; From chief to king in mycenaean society<\/a><\/p>\n<p><img decoding=\"async\" loading=\"lazy\" title=\"\" src=\"https:\/\/ens9004-infd.mendoza.edu.ar\/sitio\/wp-content\/uploads\/2018\/07\/iconoweb2.jpg\" width=\"30\" height=\"30\" border=\"0\" \/>\u00a0<a href=\"upload\/3-%20Joffe,%20A.%20-%20The%20Rice%20of%20Secondary%20States%20in%20the%20Iron%20Age%20Levant.pdf\" target=\"_blank\" rel=\"noopener\">3- Joffe, A. &#8211; The Rice of Secondary States in the Iron Age Levant<\/a><\/p>\n<p><img decoding=\"async\" loading=\"lazy\" title=\"\" src=\"https:\/\/ens9004-infd.mendoza.edu.ar\/sitio\/wp-content\/uploads\/2018\/07\/iconoweb2.jpg\" width=\"30\" height=\"30\" border=\"0\" \/>\u00a0<a href=\"upload\/04-%20MORRIS%20-%20LIBRO%20-%20Burial%20and%20Ancient%20Society%20The%20Rise%20of%20the%20Greek%20City-State.PDF\" target=\"_blank\" rel=\"noopener\">04- MORRIS &#8211; LIBRO &#8211; Burial and Ancient Society The Rise of the Greek City-State<\/a><\/p>\n<p><img decoding=\"async\" loading=\"lazy\" title=\"\" src=\"https:\/\/ens9004-infd.mendoza.edu.ar\/sitio\/wp-content\/uploads\/2018\/07\/iconoweb2.jpg\" width=\"30\" height=\"30\" border=\"0\" \/><a href=\"upload\/05-%20CARDETE%20DEL%20OLMO%20-%20La%20Polis%20como%20articulacion%20social%20el%20caso%20arcadio%20-%20GERI0505110081A%5B1%5D.PDF\" target=\"_blank\" rel=\"noopener\">\u00a005- CARDETE DEL OLMO &#8211; La Polis como articulacion social el caso arcadio &#8211; GERI0505110081A[1]<\/a><\/p>\n<p><img decoding=\"async\" loading=\"lazy\" title=\"\" src=\"https:\/\/ens9004-infd.mendoza.edu.ar\/sitio\/wp-content\/uploads\/2018\/07\/iconoweb2.jpg\" width=\"30\" height=\"30\" border=\"0\" \/>\u00a0<a href=\"upload\/06-%20VLASSOPOULOS,%20K.%20-%20LIBRO%20-%20Unthinking%20the%20Greek%20Polis.pdf\" target=\"_blank\" rel=\"noopener\">06- VLASSOPOULOS, K. &#8211; LIBRO &#8211; Unthinking the Greek Polis<\/a><\/p>\n<p><img decoding=\"async\" loading=\"lazy\" title=\"\" src=\"https:\/\/ens9004-infd.mendoza.edu.ar\/sitio\/wp-content\/uploads\/2018\/07\/iconoweb2.jpg\" width=\"30\" height=\"30\" border=\"0\" \/>\u00a0<a href=\"upload\/07-%20MORGAN,%20C.%20-%20LIBRO%20-%20Early%20Greek%20States%20Beyond%20The%20Polis.pdf\" target=\"_blank\" rel=\"noopener\">07- MORGAN, C. &#8211; LIBRO &#8211; Early Greek States Beyond The Polis<\/a><\/p>\n<p><img decoding=\"async\" loading=\"lazy\" title=\"\" src=\"https:\/\/ens9004-infd.mendoza.edu.ar\/sitio\/wp-content\/uploads\/2018\/07\/iconoweb2.jpg\" width=\"30\" height=\"30\" border=\"0\" \/><a href=\"upload\/08-_MURRAY__PRICE_-_LIBRO_-_The_Greek_City_from_Homer_to_Alexander.pdf\" target=\"_blank\" rel=\"noopener\">\u00a008- MURRAY &amp; PRICE &#8211; LIBRO &#8211; The Greek City from Homer to Alexander<\/a><\/p>\n<p><img decoding=\"async\" loading=\"lazy\" title=\"\" src=\"https:\/\/ens9004-infd.mendoza.edu.ar\/sitio\/wp-content\/uploads\/2018\/07\/iconoweb2.jpg\" width=\"30\" height=\"30\" border=\"0\" \/><a href=\"upload\/09-_PAIARO_D._-_Las_reformas_de_Sol%F3n....pdf\" target=\"_blank\" rel=\"noopener\">\u00a009- PAIARO, D. &#8211; Las reformas de Sol\u00f3n&#8230;<\/a><\/p>\n","protected":false},"excerpt":{"rendered":"<p>A01-CARTLEDGE &#8211; LIBRO &#8211; Los Espartanos \u00a01- CAMERON, A. &#8211; LIBRO &#8211; El mundo mediterr\u00e1neo en la Antig\u00fcedad Tard\u00eda, 395-600 1- Wengrow, D. &#8211; LIBRO &#8211; What makes civilization \u00a002- FINLEY &#8211; LIBRO &#8211; El mundo de Odiseo \u00a02- DE LIGT &amp; NORTHWOOD &#8211; LIBRO &#8211; People, Land, and Politics (Ancient Rome) \u00a02- Morris &amp; &#8230; <a title=\"Historia  Antigua\" class=\"read-more\" href=\"https:\/\/ens9004-infd.mendoza.edu.ar\/sitio\/historia-antigua\/\" aria-label=\"More on Historia  Antigua\">[+]<\/a><\/p>\n","protected":false},"author":1578,"featured_media":0,"parent":0,"menu_order":0,"comment_status":"closed","ping_status":"closed","template":"","meta":[],"acf":[],"_links":{"self":[{"href":"https:\/\/ens9004-infd.mendoza.edu.ar\/sitio\/wp-json\/wp\/v2\/pages\/2541"}],"collection":[{"href":"https:\/\/ens9004-infd.mendoza.edu.ar\/sitio\/wp-json\/wp\/v2\/pages"}],"about":[{"href":"https:\/\/ens9004-infd.mendoza.edu.ar\/sitio\/wp-json\/wp\/v2\/types\/page"}],"author":[{"embeddable":true,"href":"https:\/\/ens9004-infd.mendoza.edu.ar\/sitio\/wp-json\/wp\/v2\/users\/1578"}],"replies":[{"embeddable":true,"href":"https:\/\/ens9004-infd.mendoza.edu.ar\/sitio\/wp-json\/wp\/v2\/comments?post=2541"}],"version-history":[{"count":3,"href":"https:\/\/ens9004-infd.mendoza.edu.ar\/sitio\/wp-json\/wp\/v2\/pages\/2541\/revisions"}],"predecessor-version":[{"id":5142,"href":"https:\/\/ens9004-infd.mendoza.edu.ar\/sitio\/wp-json\/wp\/v2\/pages\/2541\/revisions\/5142"}],"wp:attachment":[{"href":"https:\/\/ens9004-infd.mendoza.edu.ar\/sitio\/wp-json\/wp\/v2\/media?parent=2541"}],"curies":[{"name":"wp","href":"https:\/\/api.w.org\/{rel}","templated":true}]}}