{"id":2536,"date":"2018-07-10T12:11:21","date_gmt":"2018-07-10T15:11:21","guid":{"rendered":"https:\/\/ens9004-mza.infd.edu.ar\/sitio\/?page_id=2536"},"modified":"2018-08-01T20:49:53","modified_gmt":"2018-08-01T23:49:53","slug":"geografia-economica","status":"publish","type":"page","link":"https:\/\/ens9004-infd.mendoza.edu.ar\/sitio\/geografia-economica\/","title":{"rendered":"Geograf\u00eda Econ\u00f3mica"},"content":{"rendered":"<p><img decoding=\"async\" loading=\"lazy\" style=\"border: 0; float: left;\" title=\"Almanaque\" src=\"https:\/\/ens9004-infd.mendoza.edu.ar\/sitio\/wp-content\/uploads\/2018\/07\/almanaque.bmp\" alt=\"Almanaque\" width=\"30\" height=\"35\" border=\"0\" \/><a href=\"upload\/01-%20BARCENA%20&amp;%20DE%20MIGUEL%20-%20LIBRO%20-%20El%20financiamiento%20para%20el%20desarrollo%20sostenible%20en%20America%20Latina%20y%20el%20Caribe.pdf\" target=\"_blank\" rel=\"noopener\">\u00a001- BARCENA &amp; DE MIGUEL &#8211; LIBRO &#8211; El financiamiento para el desarrollo sostenible en America Latina y el Caribe<\/a><\/p>\n<p><a href=\"upload\/02-%20DI%20NUCCI%20&amp;%20D.%20LAN%20-%20Globalizacion,%20hiper-,%20transnac-%20del%20comercio%20alimenticio%20en%20Arg..pdf\" target=\"_blank\" rel=\"noopener\">\u00a002- DI NUCCI &amp; D. LAN &#8211; Globalizacion, hiper-, transnac- del comercio alimenticio en Arg.<\/a>\u00a0<img decoding=\"async\" loading=\"lazy\" style=\"border: 0; float: left;\" src=\"https:\/\/ens9004-infd.mendoza.edu.ar\/sitio\/wp-content\/uploads\/2018\/07\/almanaque.bmp\" alt=\"Almanaque\" width=\"30\" height=\"35\" border=\"0\" \/><\/p>\n<p><a href=\"upload\/03-%20MOLINA%20IBA%D1EZ%20y%20otros%20-%20Dimensi%F3n%20territorial%20de%20la%20globalizaci%F3n%20econ%F3mica.pdf\" target=\"_blank\" rel=\"noopener\"><img decoding=\"async\" loading=\"lazy\" style=\"border: 0;\" src=\"https:\/\/ens9004-infd.mendoza.edu.ar\/sitio\/wp-content\/uploads\/2018\/07\/almanaque.bmp\" alt=\"Almanaque\" width=\"30\" height=\"35\" border=\"0\" \/>\u00a003- MOLINA IBA\u00d1EZ y otros &#8211; Dimensi\u00f3n territorial de la globalizaci\u00f3n econ\u00f3mica<\/a><a href=\"upload\/04%20-%20RUEDA%20PEIRO%20&amp;%20GONZ%C3%81LEZ%20MARIN%20-%20Crecimiento%20y%20cambios%20socioeconomicos%20en%20China.pdf\" target=\"_blank\" rel=\"noopener\"><br \/>\n<img decoding=\"async\" loading=\"lazy\" src=\"https:\/\/ens9004-infd.mendoza.edu.ar\/sitio\/wp-content\/uploads\/2018\/07\/almanaque.bmp\" alt=\"Almanaque\" width=\"30\" height=\"35\" border=\"0\" \/><\/a>\u00a0<a href=\"upload\/04%20-%20RUEDA%20PEIRO%20%26%20GONZ%C1LEZ%20MARIN%20-%20Crecimiento%20y%20cambios%20socioeconomicos%20en%20China.pdf\" target=\"_blank\" rel=\"noopener\">04 &#8211; RUEDA PEIRO &amp; GONZ\u00c1LEZ MARIN &#8211; Crecimiento y cambios socioeconomicos en China<\/a><\/p>\n<p><img decoding=\"async\" loading=\"lazy\" src=\"https:\/\/ens9004-infd.mendoza.edu.ar\/sitio\/wp-content\/uploads\/2018\/07\/almanaque.bmp\" alt=\"Almanaque\" width=\"30\" height=\"35\" border=\"0\" \/>\u00a0<a href=\"upload\/05-%20BEJARANO%20-%20LIBRO%20-%20Econom%EDa%20de%20la%20Agricultura.pdf\" target=\"_blank\" rel=\"noopener\">05- BEJARANO &#8211; LIBRO &#8211; Econom\u00eda de la Agricultura<\/a><\/p>\n<p><img decoding=\"async\" loading=\"lazy\" src=\"https:\/\/ens9004-infd.mendoza.edu.ar\/sitio\/wp-content\/uploads\/2018\/07\/almanaque.bmp\" alt=\"Almanaque\" width=\"30\" height=\"35\" border=\"0\" \/>\u00a0<a href=\"upload\/06-%20RAMIREZ%20y%20otros%20-%20LIBRO%20-%20Economia%20y%20territorio%20en%20America%20Latina%20y%20el%20Caribe.pdf\" target=\"_blank\" rel=\"noopener\">06- RAMIREZ y otros &#8211; LIBRO &#8211; Economia y territorio en America Latina y el Caribe<\/a><\/p>\n<p><img decoding=\"async\" loading=\"lazy\" src=\"https:\/\/ens9004-infd.mendoza.edu.ar\/sitio\/wp-content\/uploads\/2018\/07\/almanaque.bmp\" alt=\"Almanaque\" width=\"30\" height=\"35\" border=\"0\" \/><a href=\"upload\/07-%20OTERO%20-%20LIBRO%20-%20Food%20for%20the%20few.pdf\" target=\"_blank\" rel=\"noopener\">\u00a007- OTERO &#8211; LIBRO &#8211; Food for the few<\/a><\/p>\n<p><img decoding=\"async\" loading=\"lazy\" src=\"https:\/\/ens9004-infd.mendoza.edu.ar\/sitio\/wp-content\/uploads\/2018\/07\/almanaque.bmp\" alt=\"Almanaque\" width=\"30\" height=\"35\" border=\"0\" \/>\u00a0<a href=\"upload\/08-%20MORRIS,%20A.S.%20-%20Sociedad%20economia%20y%20estructura%20geografica%20en%20Iberoamerica.doc\" target=\"_blank\" rel=\"noopener\">08- MORRIS, A.S. &#8211; Sociedad economia y estructura geografica en Iberoamerica<\/a><\/p>\n<p><img decoding=\"async\" loading=\"lazy\" src=\"https:\/\/ens9004-infd.mendoza.edu.ar\/sitio\/wp-content\/uploads\/2018\/07\/almanaque.bmp\" alt=\"Almanaque\" width=\"30\" height=\"35\" border=\"0\" \/>\u00a0<a href=\"upload\/09-%20MOCHON%20MORCILLO%20%26%20BEKER%20-%20LIBRO%20-%20Principios%20y%20Aplicaciones%20de%20Econom%EDa.pdf\" target=\"_blank\" rel=\"noopener\">09- MOCHON MORCILLO &amp; BEKER &#8211; LIBRO &#8211; Principios y Aplicaciones de Econom\u00eda<\/a><\/p>\n<p><img decoding=\"async\" loading=\"lazy\" src=\"https:\/\/ens9004-infd.mendoza.edu.ar\/sitio\/wp-content\/uploads\/2018\/07\/almanaque.bmp\" alt=\"Almanaque\" width=\"30\" height=\"35\" border=\"0\" \/>\u00a0<a href=\"upload\/10-%20FOSCHIATTI,%20A.%20-%20Vulnerabilidad,%20pobreza%20y%20exclusion....pdf\" target=\"_blank\" rel=\"noopener\">10- FOSCHIATTI, A. &#8211; Vulnerabilidad, pobreza y exclusion..<\/a><\/p>\n<p><a href=\"upload\/10-%20FOSCHIATTI,%20A.%20-%20Vulnerabilidad,%20pobreza%20y%20exclusion....pdf\" target=\"_blank\" rel=\"noopener\">.<\/a><img decoding=\"async\" loading=\"lazy\" src=\"https:\/\/ens9004-infd.mendoza.edu.ar\/sitio\/wp-content\/uploads\/2018\/07\/almanaque.bmp\" alt=\"Almanaque\" width=\"30\" height=\"35\" border=\"0\" \/>\u00a011- MARTIN RUIZ &#8211; El nuevo orden geoeconomico mundial..<\/p>\n<p>.<img decoding=\"async\" loading=\"lazy\" src=\"https:\/\/ens9004-infd.mendoza.edu.ar\/sitio\/wp-content\/uploads\/2018\/07\/almanaque.bmp\" alt=\"Almanaque\" width=\"30\" height=\"35\" border=\"0\" \/><a href=\"upload\/12-_SEGRELLES_SERRANO.pdf\" target=\"_blank\" rel=\"noopener\">\u00a012- SEGRELLES SERRANO, J. &#8211; Una reflexi\u00f3n reciente reorg. usos agropecuarios America Latina<\/a><\/p>\n<p><img decoding=\"async\" loading=\"lazy\" src=\"https:\/\/ens9004-infd.mendoza.edu.ar\/sitio\/wp-content\/uploads\/2018\/07\/almanaque.bmp\" alt=\"Almanaque\" width=\"30\" height=\"35\" border=\"0\" \/><a href=\"upload\/13-_REBORATTI-Las_fronteras_agrarias.doc\" target=\"_blank\" rel=\"noopener\">13- REBORATTI, C.E. &#8211; Las fronteras agrarias en Am\u00e9rica Latina<\/a><\/p>\n<p><img decoding=\"async\" loading=\"lazy\" src=\"https:\/\/ens9004-infd.mendoza.edu.ar\/sitio\/wp-content\/uploads\/2018\/07\/almanaque.bmp\" alt=\"Almanaque\" width=\"30\" height=\"35\" border=\"0\" \/><a href=\"upload\/14-_GASCO_M..PDF\" target=\"_blank\" rel=\"noopener\">14- GASCO, M. &#8211; \u00a0Am\u00e9rica Latina ante la nueva econom\u00eda<\/a><\/p>\n<p><img decoding=\"async\" loading=\"lazy\" src=\"https:\/\/ens9004-infd.mendoza.edu.ar\/sitio\/wp-content\/uploads\/2018\/07\/almanaque.bmp\" alt=\"Almanaque\" width=\"30\" height=\"35\" border=\"0\" \/><a href=\"upload\/15-_BANCO_MUNDIAL_-_Una_nueva_geograf%EDa_econ%F3mica.pdf\" target=\"_blank\" rel=\"noopener\">\u00a015- BANCO MUNDIAL &#8211; Una nueva geograf\u00eda econ\u00f3mica<\/a><\/p>\n<p><img decoding=\"async\" loading=\"lazy\" class=\"\" src=\"https:\/\/ens9004-infd.mendoza.edu.ar\/sitio\/wp-content\/uploads\/2018\/07\/almanaque.bmp\" alt=\"Almanaque\" width=\"29\" height=\"26\" border=\"0\" \/><a href=\"upload\/16-_BANCO_MUNDIAL__MINISTERIO_DE_TRABAJO_-_Aportes_a_una_vision_de_la_informalidad_laboral.PDF\" target=\"_blank\" rel=\"noopener\">16-\u00a0<\/a><a href=\"upload\/16-_BANCO_MUNDIAL__MINISTERIO_DE_TRABAJO_-_Aportes_a_una_vision_de_la_informalidad_laboral.PDF\" target=\"_blank\" rel=\"noopener\">BANCO MUNDIAL &amp; MINISTERIO DE TRABAJO &#8211; Aportes_a_una_vision_de_la_informalidad_laboral<\/a><\/p>\n","protected":false},"excerpt":{"rendered":"<p>\u00a001- BARCENA &amp; DE MIGUEL &#8211; LIBRO &#8211; El financiamiento para el desarrollo sostenible en America Latina y el Caribe \u00a002- DI NUCCI &amp; D. LAN &#8211; Globalizacion, hiper-, transnac- del comercio alimenticio en Arg.\u00a0 \u00a003- MOLINA IBA\u00d1EZ y otros &#8211; Dimensi\u00f3n territorial de la globalizaci\u00f3n econ\u00f3mica \u00a004 &#8211; RUEDA PEIRO &amp; GONZ\u00c1LEZ MARIN &#8211; &#8230; <a title=\"Geograf\u00eda Econ\u00f3mica\" class=\"read-more\" href=\"https:\/\/ens9004-infd.mendoza.edu.ar\/sitio\/geografia-economica\/\" aria-label=\"More on Geograf\u00eda Econ\u00f3mica\">[+]<\/a><\/p>\n","protected":false},"author":1578,"featured_media":0,"parent":0,"menu_order":0,"comment_status":"closed","ping_status":"closed","template":"","meta":[],"acf":[],"_links":{"self":[{"href":"https:\/\/ens9004-infd.mendoza.edu.ar\/sitio\/wp-json\/wp\/v2\/pages\/2536"}],"collection":[{"href":"https:\/\/ens9004-infd.mendoza.edu.ar\/sitio\/wp-json\/wp\/v2\/pages"}],"about":[{"href":"https:\/\/ens9004-infd.mendoza.edu.ar\/sitio\/wp-json\/wp\/v2\/types\/page"}],"author":[{"embeddable":true,"href":"https:\/\/ens9004-infd.mendoza.edu.ar\/sitio\/wp-json\/wp\/v2\/users\/1578"}],"replies":[{"embeddable":true,"href":"https:\/\/ens9004-infd.mendoza.edu.ar\/sitio\/wp-json\/wp\/v2\/comments?post=2536"}],"version-history":[{"count":3,"href":"https:\/\/ens9004-infd.mendoza.edu.ar\/sitio\/wp-json\/wp\/v2\/pages\/2536\/revisions"}],"predecessor-version":[{"id":5130,"href":"https:\/\/ens9004-infd.mendoza.edu.ar\/sitio\/wp-json\/wp\/v2\/pages\/2536\/revisions\/5130"}],"wp:attachment":[{"href":"https:\/\/ens9004-infd.mendoza.edu.ar\/sitio\/wp-json\/wp\/v2\/media?parent=2536"}],"curies":[{"name":"wp","href":"https:\/\/api.w.org\/{rel}","templated":true}]}}