{"id":2533,"date":"2018-07-10T12:11:21","date_gmt":"2018-07-10T15:11:21","guid":{"rendered":"https:\/\/ens9004-mza.infd.edu.ar\/sitio\/?page_id=2533"},"modified":"2018-08-01T20:40:59","modified_gmt":"2018-08-01T23:40:59","slug":"climatologia-meteorologia","status":"publish","type":"page","link":"https:\/\/ens9004-infd.mendoza.edu.ar\/sitio\/climatologia-meteorologia\/","title":{"rendered":"CLIMATOLOGIA-METEOROLOGIA"},"content":{"rendered":"<p><span style=\"font-family: georgia, palatino; font-size: 10pt; color: #000000;\"><strong>CLIMATOLOGIA-METEOROLOGIA<\/strong><\/span><\/p>\n<p><img decoding=\"async\" loading=\"lazy\" style=\"border: 0; float: left;\" title=\"\" src=\"https:\/\/ens9004-infd.mendoza.edu.ar\/sitio\/wp-content\/uploads\/2018\/07\/ebook.jpg\" width=\"30\" height=\"50\" border=\"0\" \/><a href=\"upload\/1-%20Casas%20Castillo%20&amp;%20Alarcon%20Jordan%20-%20LIBRO%20-%20%20Clima%20y%20Meteorologia.rar\" target=\"_blank\" rel=\"noopener\">\u00a01- Casas Castillo &amp; Alarcon Jordan &#8211; LIBRO &#8211; \u00a0Clima y Meteorologia<\/a><\/p>\n<p><img decoding=\"async\" loading=\"lazy\" title=\"\" src=\"https:\/\/ens9004-infd.mendoza.edu.ar\/sitio\/wp-content\/uploads\/2018\/07\/ebook.jpg\" width=\"30\" height=\"50\" border=\"0\" \/>\u00a0<a href=\"upload\/2-%20PEREZ%20GONZALEZ%20%26%20GARCIA%20GONZALEZ%20-%20Cr%EDticas%20al%20cambio%20climatico.pdf\" target=\"_blank\" rel=\"noopener\">2- PEREZ GONZALEZ &amp; GARCIA GONZALEZ &#8211; Cr\u00edticas al cambio climatico<\/a><br \/>\n<img decoding=\"async\" loading=\"lazy\" title=\"\" src=\"https:\/\/ens9004-infd.mendoza.edu.ar\/sitio\/wp-content\/uploads\/2018\/07\/ebook.jpg\" width=\"30\" height=\"50\" border=\"0\" \/><a href=\"upload\/3-%20MARTINEZ%20%26%20FERNANDEZ%20-%20LIBRO%20-%20Cambio%20Clim%E1tico%20-%20Una%20visi%F3n%20desde%20M%E9xico.pdf\" target=\"_blank\" rel=\"noopener\">\u00a03- MARTINEZ &amp; FERNANDEZ &#8211; LIBRO &#8211; Cambio Clim\u00e1tico &#8211; Una visi\u00f3n desde M\u00e9xico<\/a><br \/>\n<img decoding=\"async\" loading=\"lazy\" title=\"\" src=\"https:\/\/ens9004-infd.mendoza.edu.ar\/sitio\/wp-content\/uploads\/2018\/07\/ebook.jpg\" width=\"30\" height=\"50\" border=\"0\" \/>\u00a0<a href=\"upload\/4-%20RODRIGUEZ%20GIMENEZ%20%26%20otros%20-%20LIBRO%20-%20Meteorolog%EDa%20y%20Climatolog%EDa.PDF\" target=\"_blank\" rel=\"noopener\">4- RODRIGUEZ GIMENEZ &amp; otros &#8211; LIBRO &#8211; Meteorolog\u00eda y Climatolog\u00eda<\/a><br \/>\n<img decoding=\"async\" loading=\"lazy\" title=\"\" src=\"https:\/\/ens9004-infd.mendoza.edu.ar\/sitio\/wp-content\/uploads\/2018\/07\/ebook.jpg\" width=\"30\" height=\"50\" border=\"0\" \/>\u00a0<a href=\"upload\/5-%20AGOSTA%20&amp;%20CAMPAGNUCCI%20-%20Procesos%20atmosfericos-oceanicos....pdf\" target=\"_blank\" rel=\"noopener\">5- AGOSTA &amp; CAMPAGNUCCI &#8211; Procesos atmosfericos-oceanicos&#8230;<\/a><br \/>\n<img decoding=\"async\" loading=\"lazy\" title=\"\" src=\"https:\/\/ens9004-infd.mendoza.edu.ar\/sitio\/wp-content\/uploads\/2018\/07\/ebook.jpg\" width=\"30\" height=\"50\" border=\"0\" \/><a href=\"upload\/6-%20CAMPAGNUCCI%20&amp;%20AGOSTA%20-%20La%20precipitaci%C3%B3n%20de%20verano%20en%20el%20centro-oeste%20de%20Arg....pdf\" target=\"_blank\" rel=\"noopener\">\u00a0<\/a><a href=\"upload\/6-%20CAMPAGNUCCI%20%26%20AGOSTA%20-%20La%20precipitaci%F3n%20de%20verano%20en%20el%20centro-oeste%20de%20Arg....pdf\" target=\"_blank\" rel=\"noopener\">6- CAMPAGNUCCI &amp; AGOSTA &#8211; La precipitaci\u00f3n de verano en el centro-oeste de Arg&#8230;<\/a><br \/>\n<img decoding=\"async\" loading=\"lazy\" title=\"\" src=\"https:\/\/ens9004-infd.mendoza.edu.ar\/sitio\/wp-content\/uploads\/2018\/07\/ebook.jpg\" width=\"30\" height=\"50\" border=\"0\" \/><a href=\"upload\/7-%20SOUZA%20&amp;%20AMBRIZZI%20-%20ENSO%20impacts%20on%20the%20South%20American%20rainfall%20during%201980s.pdf\" target=\"_blank\" rel=\"noopener\">\u00a07- SOUZA &amp; AMBRIZZI &#8211; ENSO impacts on the South American rainfall during 1980s<\/a><br \/>\n<img decoding=\"async\" loading=\"lazy\" title=\"\" src=\"https:\/\/ens9004-infd.mendoza.edu.ar\/sitio\/wp-content\/uploads\/2018\/07\/ebook.jpg\" width=\"30\" height=\"50\" border=\"0\" \/><a href=\"upload\/08-%20LAMB,%20H.H.%20-%20LIBRO%20-%20Climate,%20History%20and%20the.pdf\" target=\"_blank\" rel=\"noopener\">\u00a008- LAMB, H.H. &#8211; LIBRO &#8211; Climate, History and the<\/a><br \/>\n<img decoding=\"async\" loading=\"lazy\" title=\"\" src=\"https:\/\/ens9004-infd.mendoza.edu.ar\/sitio\/wp-content\/uploads\/2018\/07\/ebook.jpg\" width=\"30\" height=\"50\" border=\"0\" \/>\u00a0<a href=\"upload\/09-%20RAFFERTY,J.P.%20-%20LIBRO%20-%20Dynamic%20Earth.pdf\" target=\"_blank\" rel=\"noopener\">09- RAFFERTY,J.P. &#8211; LIBRO &#8211; Dynamic Earth<\/a><a href=\"upload\/10-%20THE%20COMMISSION%20ON%20CLIMATE%20AND%20TROPICAL%20FORESTS%20-%20LIBRO%20-%20Protecting%20the%20Climate%20Forests.pdf\" target=\"_blank\" rel=\"noopener\"><br \/>\n<img decoding=\"async\" loading=\"lazy\" title=\"\" src=\"https:\/\/ens9004-infd.mendoza.edu.ar\/sitio\/wp-content\/uploads\/2018\/07\/ebook.jpg\" width=\"30\" height=\"50\" border=\"0\" \/><\/a><a href=\"upload\/10-%20THE%20COMMISSION%20ON%20CLIMATE%20AND%20TROPICAL%20FORESTS%20-%20LIBRO%20-%20Protecting%20the%20Climate%20Forests.pdf\" target=\"_blank\" rel=\"noopener\">\u00a010- THE COMMISSION ON CLIMATE AND TROPICAL FORESTS &#8211; LIBRO &#8211; Protecting the Climate Forests<\/a><br \/>\n<img decoding=\"async\" loading=\"lazy\" title=\"\" src=\"https:\/\/ens9004-infd.mendoza.edu.ar\/sitio\/wp-content\/uploads\/2018\/07\/ebook.jpg\" width=\"30\" height=\"50\" border=\"0\" \/><a href=\"upload\/11-%20AGOSTA%20&amp;%20MARTIN%20-%20Fluctuaciones%20interanuales%20y%20multidecadicas%20de%20la%20temp.%20de%20verano%20en%20el%20CO%20de%20Arg..pdf\" target=\"_blank\" rel=\"noopener\">11- AGOSTA &amp; MARTIN &#8211; Fluctuaciones interanuales y multidecadicas de la temp. de verano en el CO de Arg.<\/a><br \/>\n<img decoding=\"async\" loading=\"lazy\" title=\"\" src=\"https:\/\/ens9004-infd.mendoza.edu.ar\/sitio\/wp-content\/uploads\/2018\/07\/ebook.jpg\" width=\"30\" height=\"50\" border=\"0\" \/>\u00a0<a href=\"upload\/12-_SIMIONI_A._-_LIBRO_-_Contaminaci%F3n_atmosf%E9rica_y_conciencia_ciudadana.pdf\" target=\"_blank\" rel=\"noopener\">12- SIMIONI, A. &#8211; LIBRO &#8211; Contaminaci\u00f3n atmosf\u00e9rica y conciencia ciudadana<\/a><br \/>\n<img decoding=\"async\" loading=\"lazy\" title=\"\" src=\"https:\/\/ens9004-infd.mendoza.edu.ar\/sitio\/wp-content\/uploads\/2018\/07\/ebook.jpg\" width=\"30\" height=\"50\" border=\"0\" \/>\u00a0<a href=\"upload\/13-_AHRENS_C._-_LIBRO_-_Essentials_of_Meteorology.pdf\" target=\"_blank\" rel=\"noopener\">13- AHRENS, C. &#8211; LIBRO &#8211; Essentials of Meteorology<\/a><\/p>\n","protected":false},"excerpt":{"rendered":"<p>CLIMATOLOGIA-METEOROLOGIA \u00a01- Casas Castillo &amp; Alarcon Jordan &#8211; LIBRO &#8211; \u00a0Clima y Meteorologia \u00a02- PEREZ GONZALEZ &amp; GARCIA GONZALEZ &#8211; Cr\u00edticas al cambio climatico \u00a03- MARTINEZ &amp; FERNANDEZ &#8211; LIBRO &#8211; Cambio Clim\u00e1tico &#8211; Una visi\u00f3n desde M\u00e9xico \u00a04- RODRIGUEZ GIMENEZ &amp; otros &#8211; LIBRO &#8211; Meteorolog\u00eda y Climatolog\u00eda \u00a05- AGOSTA &amp; CAMPAGNUCCI &#8211; Procesos &#8230; <a title=\"CLIMATOLOGIA-METEOROLOGIA\" class=\"read-more\" href=\"https:\/\/ens9004-infd.mendoza.edu.ar\/sitio\/climatologia-meteorologia\/\" aria-label=\"More on CLIMATOLOGIA-METEOROLOGIA\">[+]<\/a><\/p>\n","protected":false},"author":1578,"featured_media":0,"parent":0,"menu_order":0,"comment_status":"closed","ping_status":"closed","template":"","meta":[],"acf":[],"_links":{"self":[{"href":"https:\/\/ens9004-infd.mendoza.edu.ar\/sitio\/wp-json\/wp\/v2\/pages\/2533"}],"collection":[{"href":"https:\/\/ens9004-infd.mendoza.edu.ar\/sitio\/wp-json\/wp\/v2\/pages"}],"about":[{"href":"https:\/\/ens9004-infd.mendoza.edu.ar\/sitio\/wp-json\/wp\/v2\/types\/page"}],"author":[{"embeddable":true,"href":"https:\/\/ens9004-infd.mendoza.edu.ar\/sitio\/wp-json\/wp\/v2\/users\/1578"}],"replies":[{"embeddable":true,"href":"https:\/\/ens9004-infd.mendoza.edu.ar\/sitio\/wp-json\/wp\/v2\/comments?post=2533"}],"version-history":[{"count":2,"href":"https:\/\/ens9004-infd.mendoza.edu.ar\/sitio\/wp-json\/wp\/v2\/pages\/2533\/revisions"}],"predecessor-version":[{"id":5124,"href":"https:\/\/ens9004-infd.mendoza.edu.ar\/sitio\/wp-json\/wp\/v2\/pages\/2533\/revisions\/5124"}],"wp:attachment":[{"href":"https:\/\/ens9004-infd.mendoza.edu.ar\/sitio\/wp-json\/wp\/v2\/media?parent=2533"}],"curies":[{"name":"wp","href":"https:\/\/api.w.org\/{rel}","templated":true}]}}