{"id":2412,"date":"2018-07-02T21:48:36","date_gmt":"2018-07-03T00:48:36","guid":{"rendered":"https:\/\/ens9004-mza.infd.edu.ar\/sitio\/datos-institucionales\/"},"modified":"2025-12-02T22:17:15","modified_gmt":"2025-12-03T01:17:15","slug":"datos-institucionales","status":"publish","type":"page","link":"https:\/\/ens9004-infd.mendoza.edu.ar\/sitio\/datos-institucionales\/","title":{"rendered":"Datos institucionales"},"content":{"rendered":"<h4 style=\"text-align: center;\"><span style=\"color: #808000;\">Instituto de Educaci\u00f3n Superior\u00a0 N\u00ba 9-004 Normal Superior\u00a0\u00a0<\/span><span style=\"color: #808000;\">\u00abGeneral Toribio de Luzuriaga\u00bb<\/span><\/h4>\n<div  class=\"lgc-column lgc-grid-parent lgc-grid-50 lgc-tablet-grid-50 lgc-mobile-grid-100 lgc-equal-heights \"><div  class=\"inside-grid-column\">\n<p style=\"text-align: center;\"><strong>Horarios de atenci\u00f3n: 15:30 hs.\u00a0a 23:45 hs.<\/strong><\/p>\n<p style=\"text-align: center;\"><strong>Direcci\u00f3n: 9 de Julio y Echeverr\u00eda<\/strong><\/p>\n<p><\/p><\/div><\/div>\n<div  class=\"lgc-column lgc-grid-parent lgc-grid-33 lgc-tablet-grid-50 lgc-mobile-grid-100 lgc-equal-heights \"><div  class=\"inside-grid-column\">\n<p style=\"text-align: center;\"><strong>Tel\u00e9fono: 02622-422604<\/strong><\/p>\n<p style=\"text-align: center;\"><strong>Correo electr\u00f3nico: normalsuperior.tyan@gmail.com<\/strong><\/p>\n<p><\/p><\/div><\/div>\n<h1><span style=\"color: #808000;\">Autoridades<\/span><\/h1>\n<h3 style=\"text-align: center;\"><strong>RECTORA<\/strong><\/h3>\n<p>\u00a0<img decoding=\"async\" loading=\"lazy\" class=\"aligncenter wp-image-11441\" src=\"https:\/\/ens9004-infd.mendoza.edu.ar\/sitio\/wp-content\/uploads\/2025\/12\/IMG_2168-.jpg\" alt=\"\" width=\"250\" height=\"250\" srcset=\"https:\/\/ens9004-infd.mendoza.edu.ar\/sitio\/wp-content\/uploads\/2025\/12\/IMG_2168-.jpg 942w, https:\/\/ens9004-infd.mendoza.edu.ar\/sitio\/wp-content\/uploads\/2025\/12\/IMG_2168--500x500.jpg 500w, https:\/\/ens9004-infd.mendoza.edu.ar\/sitio\/wp-content\/uploads\/2025\/12\/IMG_2168--768x768.jpg 768w\" sizes=\"(max-width: 250px) 100vw, 250px\" \/> \u00a0\u00a0<\/p>\n<h4 style=\"text-align: center;\">Prof. <strong>Esp. Rosa Elizabeth Garc\u00eda S\u00e1nchez<\/strong><\/h4>\n<p>&nbsp;<\/p>\n<h3 style=\"text-align: center;\"><strong>VICERRECTORA<\/strong><\/h3>\n<p><img decoding=\"async\" loading=\"lazy\" class=\"aligncenter wp-image-11440\" src=\"https:\/\/ens9004-infd.mendoza.edu.ar\/sitio\/wp-content\/uploads\/2025\/12\/IMG_2170-.jpg\" alt=\"\" width=\"250\" height=\"250\" srcset=\"https:\/\/ens9004-infd.mendoza.edu.ar\/sitio\/wp-content\/uploads\/2025\/12\/IMG_2170-.jpg 1040w, https:\/\/ens9004-infd.mendoza.edu.ar\/sitio\/wp-content\/uploads\/2025\/12\/IMG_2170--1000x1000.jpg 1000w, https:\/\/ens9004-infd.mendoza.edu.ar\/sitio\/wp-content\/uploads\/2025\/12\/IMG_2170--500x500.jpg 500w, https:\/\/ens9004-infd.mendoza.edu.ar\/sitio\/wp-content\/uploads\/2025\/12\/IMG_2170--768x768.jpg 768w\" sizes=\"(max-width: 250px) 100vw, 250px\" \/><\/p>\n<p style=\"text-align: center;\"><strong>Mgter. Mariela Argent\u00edn<\/strong><\/p>\n<p>&nbsp;<\/p>\n<h4 style=\"text-align: center;\"><strong>JEFA DE FORMACI\u00d3N INICIAL DOCENTE<\/strong><\/h4>\n<p><img decoding=\"async\" loading=\"lazy\" class=\"aligncenter wp-image-11439\" src=\"https:\/\/ens9004-infd.mendoza.edu.ar\/sitio\/wp-content\/uploads\/2025\/12\/IMG_2182-.jpg\" alt=\"\" width=\"250\" height=\"250\" srcset=\"https:\/\/ens9004-infd.mendoza.edu.ar\/sitio\/wp-content\/uploads\/2025\/12\/IMG_2182-.jpg 1189w, https:\/\/ens9004-infd.mendoza.edu.ar\/sitio\/wp-content\/uploads\/2025\/12\/IMG_2182--1000x1000.jpg 1000w, https:\/\/ens9004-infd.mendoza.edu.ar\/sitio\/wp-content\/uploads\/2025\/12\/IMG_2182--500x500.jpg 500w, https:\/\/ens9004-infd.mendoza.edu.ar\/sitio\/wp-content\/uploads\/2025\/12\/IMG_2182--768x768.jpg 768w\" sizes=\"(max-width: 250px) 100vw, 250px\" \/><\/p>\n<h4 style=\"text-align: center;\"><strong>\u00a0Prof. Esp. Ana Lis Torres<\/strong><\/h4>\n<p>&nbsp;<\/p>\n<h4 style=\"text-align: center;\"><strong>JEFE DE INVESTIGACI\u00d3N<\/strong><\/h4>\n<p><img decoding=\"async\" loading=\"lazy\" class=\"aligncenter wp-image-11438\" src=\"https:\/\/ens9004-infd.mendoza.edu.ar\/sitio\/wp-content\/uploads\/2025\/12\/IMG_2166-.jpg\" alt=\"\" width=\"250\" height=\"250\" srcset=\"https:\/\/ens9004-infd.mendoza.edu.ar\/sitio\/wp-content\/uploads\/2025\/12\/IMG_2166-.jpg 1084w, https:\/\/ens9004-infd.mendoza.edu.ar\/sitio\/wp-content\/uploads\/2025\/12\/IMG_2166--1000x1000.jpg 1000w, https:\/\/ens9004-infd.mendoza.edu.ar\/sitio\/wp-content\/uploads\/2025\/12\/IMG_2166--500x500.jpg 500w, https:\/\/ens9004-infd.mendoza.edu.ar\/sitio\/wp-content\/uploads\/2025\/12\/IMG_2166--768x768.jpg 768w\" sizes=\"(max-width: 250px) 100vw, 250px\" \/><\/p>\n<p style=\"text-align: center;\"><strong>Prof. Mariano Ram\u00edrez<\/strong><\/p>\n<p>&nbsp;<\/p>\n<h4 style=\"text-align: center;\"><strong>JEFA DE PR\u00c1CTICAS PROFESIONALES DOCENTES<\/strong><\/h4>\n<h4><img decoding=\"async\" loading=\"lazy\" class=\"aligncenter wp-image-11437\" src=\"https:\/\/ens9004-infd.mendoza.edu.ar\/sitio\/wp-content\/uploads\/2025\/12\/IMG_2158-.jpg\" alt=\"\" width=\"250\" height=\"250\" srcset=\"https:\/\/ens9004-infd.mendoza.edu.ar\/sitio\/wp-content\/uploads\/2025\/12\/IMG_2158-.jpg 1317w, https:\/\/ens9004-infd.mendoza.edu.ar\/sitio\/wp-content\/uploads\/2025\/12\/IMG_2158--1000x1000.jpg 1000w, https:\/\/ens9004-infd.mendoza.edu.ar\/sitio\/wp-content\/uploads\/2025\/12\/IMG_2158--500x500.jpg 500w, https:\/\/ens9004-infd.mendoza.edu.ar\/sitio\/wp-content\/uploads\/2025\/12\/IMG_2158--768x768.jpg 768w\" sizes=\"(max-width: 250px) 100vw, 250px\" \/><\/h4>\n<h4 style=\"text-align: center;\">Prof. Antolina Gamboa<\/h4>\n<p style=\"text-align: center;\">\u00a0<\/p>\n<h2 style=\"text-align: center;\">COORDINADORES DE CARRERA<\/h2>\n<p style=\"text-align: center;\">\u00a0<\/p>\n<h4 style=\"text-align: center;\"><strong>Profesorado de Educaci\u00f3n Inicial<\/strong><\/h4>\n<p><img decoding=\"async\" loading=\"lazy\" class=\"aligncenter wp-image-11436\" src=\"https:\/\/ens9004-infd.mendoza.edu.ar\/sitio\/wp-content\/uploads\/2025\/12\/Imagen-de-WhatsApp-2025-10-22-a-las-14.08.43_45f39bda-.jpg\" alt=\"\" width=\"250\" height=\"250\" srcset=\"https:\/\/ens9004-infd.mendoza.edu.ar\/sitio\/wp-content\/uploads\/2025\/12\/Imagen-de-WhatsApp-2025-10-22-a-las-14.08.43_45f39bda-.jpg 1200w, https:\/\/ens9004-infd.mendoza.edu.ar\/sitio\/wp-content\/uploads\/2025\/12\/Imagen-de-WhatsApp-2025-10-22-a-las-14.08.43_45f39bda--1000x1000.jpg 1000w, https:\/\/ens9004-infd.mendoza.edu.ar\/sitio\/wp-content\/uploads\/2025\/12\/Imagen-de-WhatsApp-2025-10-22-a-las-14.08.43_45f39bda--500x500.jpg 500w, https:\/\/ens9004-infd.mendoza.edu.ar\/sitio\/wp-content\/uploads\/2025\/12\/Imagen-de-WhatsApp-2025-10-22-a-las-14.08.43_45f39bda--768x768.jpg 768w\" sizes=\"(max-width: 250px) 100vw, 250px\" \/><\/p>\n<h4 style=\"text-align: center;\"><strong>Prof. Daniela Irazoque<\/strong><\/h4>\n<p style=\"text-align: center;\">\u00a0<\/p>\n<h4 style=\"text-align: center;\"><strong>Profesorado de Educaci\u00f3n Primaria<\/strong><\/h4>\n<p><img decoding=\"async\" loading=\"lazy\" class=\"aligncenter wp-image-9889\" src=\"https:\/\/ens9004-infd.mendoza.edu.ar\/sitio\/wp-content\/uploads\/2023\/11\/MG_3234_edited-500x500.jpg\" alt=\"\" width=\"250\" height=\"250\" srcset=\"https:\/\/ens9004-infd.mendoza.edu.ar\/sitio\/wp-content\/uploads\/2023\/11\/MG_3234_edited-500x500.jpg 500w, https:\/\/ens9004-infd.mendoza.edu.ar\/sitio\/wp-content\/uploads\/2023\/11\/MG_3234_edited-1000x1000.jpg 1000w, https:\/\/ens9004-infd.mendoza.edu.ar\/sitio\/wp-content\/uploads\/2023\/11\/MG_3234_edited-768x769.jpg 768w, https:\/\/ens9004-infd.mendoza.edu.ar\/sitio\/wp-content\/uploads\/2023\/11\/MG_3234_edited.jpg 1364w\" sizes=\"(max-width: 250px) 100vw, 250px\" \/><\/p>\n<h4 style=\"text-align: center;\"><strong>Prof. Nazareth L\u00f3pez Santoni<\/strong><\/h4>\n<p style=\"text-align: center;\">\u00a0<\/p>\n<h4 style=\"text-align: center;\"><strong>Profesorado de Educaci\u00f3n Secundaria en Biolog\u00eda<\/strong><\/h4>\n<p><img decoding=\"async\" loading=\"lazy\" class=\"aligncenter wp-image-11435\" src=\"https:\/\/ens9004-infd.mendoza.edu.ar\/sitio\/wp-content\/uploads\/2025\/12\/IMG_2162--500x500.jpg\" alt=\"\" width=\"250\" height=\"250\" srcset=\"https:\/\/ens9004-infd.mendoza.edu.ar\/sitio\/wp-content\/uploads\/2025\/12\/IMG_2162--500x500.jpg 500w, https:\/\/ens9004-infd.mendoza.edu.ar\/sitio\/wp-content\/uploads\/2025\/12\/IMG_2162--768x768.jpg 768w, https:\/\/ens9004-infd.mendoza.edu.ar\/sitio\/wp-content\/uploads\/2025\/12\/IMG_2162-.jpg 986w\" sizes=\"(max-width: 250px) 100vw, 250px\" \/><\/p>\n<h4 style=\"text-align: center;\"><strong>Prof. Gonzalo Manzano<\/strong><\/h4>\n<p>&nbsp;<\/p>\n<h4 style=\"text-align: center;\"><strong>Profesorado de Educaci\u00f3n Secundaria en Geograf\u00eda<\/strong><\/h4>\n<p><img decoding=\"async\" loading=\"lazy\" class=\"aligncenter wp-image-11434\" src=\"https:\/\/ens9004-infd.mendoza.edu.ar\/sitio\/wp-content\/uploads\/2025\/12\/IMG_2160--500x500.jpg\" alt=\"\" width=\"250\" height=\"250\" srcset=\"https:\/\/ens9004-infd.mendoza.edu.ar\/sitio\/wp-content\/uploads\/2025\/12\/IMG_2160--500x500.jpg 500w, https:\/\/ens9004-infd.mendoza.edu.ar\/sitio\/wp-content\/uploads\/2025\/12\/IMG_2160--1000x1000.jpg 1000w, https:\/\/ens9004-infd.mendoza.edu.ar\/sitio\/wp-content\/uploads\/2025\/12\/IMG_2160--768x768.jpg 768w, https:\/\/ens9004-infd.mendoza.edu.ar\/sitio\/wp-content\/uploads\/2025\/12\/IMG_2160-.jpg 1150w\" sizes=\"(max-width: 250px) 100vw, 250px\" \/><\/p>\n<h4 style=\"text-align: center;\"><strong>Prof. Ariel Fern\u00e1ndez<\/strong><\/h4>\n<h1><span style=\"color: #808000;\">Ubicaci\u00f3n geogr\u00e1fica<\/span><\/h1>\n<p style=\"text-align: center;\"><iframe loading=\"lazy\" style=\"border: 0;\" src=\"https:\/\/www.google.com\/maps\/embed?pb=!1m18!1m12!1m3!1d3324.2514509392036!2d-69.01726788518523!3d-33.572820011188206!2m3!1f0!2f0!3f0!3m2!1i1024!2i768!4f13.1!3m3!1m2!1s0x0%3A0xdd5f2db8a4d03347!2sEscuela+Normal+Superior+General+Toribio+De+Luziriaga!5e0!3m2!1ses-419!2sar!4v1531836425224\" width=\"600\" height=\"450\" frameborder=\"0\" allowfullscreen=\"allowfullscreen\"><\/iframe><\/p>\n<p><img decoding=\"async\" loading=\"lazy\" class=\"size-full wp-image-7308 aligncenter\" src=\"https:\/\/ens9004-infd.mendoza.edu.ar\/sitio\/wp-content\/uploads\/2020\/07\/IES-GTL-Expo-Educativa-2020-01.jpg\" alt=\"\" width=\"960\" height=\"240\" srcset=\"https:\/\/ens9004-infd.mendoza.edu.ar\/sitio\/wp-content\/uploads\/2020\/07\/IES-GTL-Expo-Educativa-2020-01.jpg 960w, https:\/\/ens9004-infd.mendoza.edu.ar\/sitio\/wp-content\/uploads\/2020\/07\/IES-GTL-Expo-Educativa-2020-01-768x192.jpg 768w\" sizes=\"(max-width: 960px) 100vw, 960px\" \/><\/p>\n","protected":false},"excerpt":{"rendered":"<p>Instituto de Educaci\u00f3n Superior\u00a0 N\u00ba 9-004 Normal Superior\u00a0\u00a0\u00abGeneral Toribio de Luzuriaga\u00bb Autoridades RECTORA \u00a0 \u00a0\u00a0 Prof. Esp. Rosa Elizabeth Garc\u00eda S\u00e1nchez &nbsp; VICERRECTORA Mgter. Mariela Argent\u00edn &nbsp; JEFA DE FORMACI\u00d3N INICIAL DOCENTE \u00a0Prof. Esp. Ana Lis Torres &nbsp; JEFE DE INVESTIGACI\u00d3N Prof. Mariano Ram\u00edrez &nbsp; JEFA DE PR\u00c1CTICAS PROFESIONALES DOCENTES Prof. Antolina Gamboa \u00a0 COORDINADORES &#8230; <a title=\"Datos institucionales\" class=\"read-more\" href=\"https:\/\/ens9004-infd.mendoza.edu.ar\/sitio\/datos-institucionales\/\" aria-label=\"More on Datos institucionales\">[+]<\/a><\/p>\n","protected":false},"author":1578,"featured_media":0,"parent":0,"menu_order":0,"comment_status":"closed","ping_status":"closed","template":"","meta":[],"acf":[],"_links":{"self":[{"href":"https:\/\/ens9004-infd.mendoza.edu.ar\/sitio\/wp-json\/wp\/v2\/pages\/2412"}],"collection":[{"href":"https:\/\/ens9004-infd.mendoza.edu.ar\/sitio\/wp-json\/wp\/v2\/pages"}],"about":[{"href":"https:\/\/ens9004-infd.mendoza.edu.ar\/sitio\/wp-json\/wp\/v2\/types\/page"}],"author":[{"embeddable":true,"href":"https:\/\/ens9004-infd.mendoza.edu.ar\/sitio\/wp-json\/wp\/v2\/users\/1578"}],"replies":[{"embeddable":true,"href":"https:\/\/ens9004-infd.mendoza.edu.ar\/sitio\/wp-json\/wp\/v2\/comments?post=2412"}],"version-history":[{"count":83,"href":"https:\/\/ens9004-infd.mendoza.edu.ar\/sitio\/wp-json\/wp\/v2\/pages\/2412\/revisions"}],"predecessor-version":[{"id":11444,"href":"https:\/\/ens9004-infd.mendoza.edu.ar\/sitio\/wp-json\/wp\/v2\/pages\/2412\/revisions\/11444"}],"wp:attachment":[{"href":"https:\/\/ens9004-infd.mendoza.edu.ar\/sitio\/wp-json\/wp\/v2\/media?parent=2412"}],"curies":[{"name":"wp","href":"https:\/\/api.w.org\/{rel}","templated":true}]}}