{"id":10800,"date":"2024-10-07T15:14:50","date_gmt":"2024-10-07T18:14:50","guid":{"rendered":"https:\/\/ens9004-infd.mendoza.edu.ar\/sitio\/?page_id=10800"},"modified":"2026-02-26T19:00:34","modified_gmt":"2026-02-26T22:00:34","slug":"profesorado-de-educacion-secundaria-para-tecnicos","status":"publish","type":"page","link":"https:\/\/ens9004-infd.mendoza.edu.ar\/sitio\/profesorado-de-educacion-secundaria-para-tecnicos\/","title":{"rendered":"Profesorado de Educaci\u00f3n Secundaria para T\u00e9cnicos"},"content":{"rendered":"\n<p><strong>T\u00edtulo a otorgar: &nbsp;<\/strong>Profesor\/a de educaci\u00f3n secundaria para t\u00e9cnicos en concurrencia con el t\u00edtulo base<\/p>\n\n\n\n<p><strong>Destinatarios:<\/strong><\/p>\n\n\n\n<p>Docentes de instituciones t\u00e9cnicas de nivel secundario sin t\u00edtulo docente<\/p>\n\n\n\n<p>Egresadas y Egresados con t\u00edtulos de tecnicaturas superiores y\/o titulaciones universitarias afines a la especialidad de la Educaci\u00f3n T\u00e9cnico Profesional (ETP) de nivel secundario.<\/p>\n\n\n\n<p><strong>Requisitos:<\/strong><\/p>\n\n\n\n<p>Poseer t\u00edtulo t\u00e9cnico de nivel secundario, superior, o universitario af\u00edn a la Educaci\u00f3n T\u00e9cnico Profesional (ETP).<\/p>\n\n\n\n<p>Desempe\u00f1ar un cargo directivo o docente en los espacios formativos en instituciones de nivel secundario de la modalidad<\/p>\n\n\n\n<p><strong>Objetivos:<\/strong><\/p>\n\n\n\n<p>Proveer una formaci\u00f3n pedag\u00f3gica que permita comprender las particularidades de la ense\u00f1anza en la ETP, su rol en la instituci\u00f3n y sociedad, y su relaci\u00f3n clave con el sector socio-productivo local y regional.<\/p>\n\n\n\n<p>Enriquecer la formaci\u00f3n profesional con actualizaciones cient\u00edfico-tecnol\u00f3gicas que potencien y transformen la pr\u00e1ctica docente.<\/p>\n\n\n\n<p>Promover la revisi\u00f3n, reflexi\u00f3n y mejora de la pr\u00e1ctica educativa, integrando nuevos enfoques te\u00f3ricos y el apoyo de profesionales expertos.<\/p>\n\n\n\n<p><strong>Modalidad:<\/strong><\/p>\n\n\n\n<p>Presencial sincr\u00f3nica y asincr\u00f3nica<\/p>\n\n\n\n<p><strong>Cursado:<\/strong><\/p>\n\n\n\n<p>Jueves y viernes turno vespertino<\/p>\n","protected":false},"excerpt":{"rendered":"<p>T\u00edtulo a otorgar: &nbsp;Profesor\/a de educaci\u00f3n secundaria para t\u00e9cnicos en concurrencia con el t\u00edtulo base Destinatarios: Docentes de instituciones t\u00e9cnicas de nivel secundario sin t\u00edtulo docente Egresadas y Egresados con t\u00edtulos de tecnicaturas superiores y\/o titulaciones universitarias afines a la especialidad de la Educaci\u00f3n T\u00e9cnico Profesional (ETP) de nivel secundario. Requisitos: Poseer t\u00edtulo t\u00e9cnico de &#8230; <a title=\"Profesorado de Educaci\u00f3n Secundaria para T\u00e9cnicos\" class=\"read-more\" href=\"https:\/\/ens9004-infd.mendoza.edu.ar\/sitio\/profesorado-de-educacion-secundaria-para-tecnicos\/\" aria-label=\"More on Profesorado de Educaci\u00f3n Secundaria para T\u00e9cnicos\">[+]<\/a><\/p>\n","protected":false},"author":2001,"featured_media":10801,"parent":0,"menu_order":0,"comment_status":"closed","ping_status":"closed","template":"","meta":[],"acf":[],"_links":{"self":[{"href":"https:\/\/ens9004-infd.mendoza.edu.ar\/sitio\/wp-json\/wp\/v2\/pages\/10800"}],"collection":[{"href":"https:\/\/ens9004-infd.mendoza.edu.ar\/sitio\/wp-json\/wp\/v2\/pages"}],"about":[{"href":"https:\/\/ens9004-infd.mendoza.edu.ar\/sitio\/wp-json\/wp\/v2\/types\/page"}],"author":[{"embeddable":true,"href":"https:\/\/ens9004-infd.mendoza.edu.ar\/sitio\/wp-json\/wp\/v2\/users\/2001"}],"replies":[{"embeddable":true,"href":"https:\/\/ens9004-infd.mendoza.edu.ar\/sitio\/wp-json\/wp\/v2\/comments?post=10800"}],"version-history":[{"count":2,"href":"https:\/\/ens9004-infd.mendoza.edu.ar\/sitio\/wp-json\/wp\/v2\/pages\/10800\/revisions"}],"predecessor-version":[{"id":11515,"href":"https:\/\/ens9004-infd.mendoza.edu.ar\/sitio\/wp-json\/wp\/v2\/pages\/10800\/revisions\/11515"}],"wp:featuredmedia":[{"embeddable":true,"href":"https:\/\/ens9004-infd.mendoza.edu.ar\/sitio\/wp-json\/wp\/v2\/media\/10801"}],"wp:attachment":[{"href":"https:\/\/ens9004-infd.mendoza.edu.ar\/sitio\/wp-json\/wp\/v2\/media?parent=10800"}],"curies":[{"name":"wp","href":"https:\/\/api.w.org\/{rel}","templated":true}]}}